CRAN Package Check Results for Package angstroms

Last updated on 2020-02-22 22:47:39 CET.

Flavor Version Tinstall Tcheck Ttotal Status Flags
r-devel-linux-x86_64-debian-clang 0.0.1 10.78 98.31 109.09 OK
r-devel-linux-x86_64-debian-gcc 0.0.1 9.90 73.95 83.85 OK
r-devel-linux-x86_64-fedora-clang 0.0.1 128.83 OK
r-devel-linux-x86_64-fedora-gcc 0.0.1 139.23 WARN
r-devel-windows-ix86+x86_64 0.0.1 23.00 101.00 124.00 OK
r-devel-windows-ix86+x86_64-gcc8 0.0.1 36.00 140.00 176.00 OK
r-patched-linux-x86_64 0.0.1 OK
r-patched-solaris-x86 0.0.1 171.40 OK
r-release-linux-x86_64 0.0.1 9.10 83.62 92.72 OK
r-release-windows-ix86+x86_64 0.0.1 22.00 98.00 120.00 OK
r-release-osx-x86_64 0.0.1 OK
r-oldrel-windows-ix86+x86_64 0.0.1 13.00 96.00 109.00 OK
r-oldrel-osx-x86_64 0.0.1 OK

Check Details

Version: 0.0.1
Check: whether package can be installed
Result: WARN
    Found the following significant warnings:
     Warning: namespace ‘rgdal’ is not available and has been replaced
Flavor: r-devel-linux-x86_64-fedora-gcc

Version: 0.0.1
Check: data for non-ASCII characters
Result: WARN
     Warning: namespace 'rgdal' is not available and has been replaced
     by .GlobalEnv when processing object '<unknown>'
     Warning: namespace 'rgdal' is not available and has been replaced
     by .GlobalEnv when processing object '<unknown>'
     Warning: namespace 'rgdal' is not available and has been replaced
     by .GlobalEnv when processing object '<unknown>'
     Warning: namespace 'rgdal' is not available and has been replaced
     by .GlobalEnv when processing object '<unknown>'
     Warning: namespace 'rgdal' is not available and has been replaced
     by .GlobalEnv when processing object '<unknown>'
     Warning: namespace 'rgdal' is not available and has been replaced
     by .GlobalEnv when processing object '<unknown>'
     Warning: namespace 'rgdal' is not available and has been replaced
     by .GlobalEnv when processing object '<unknown>'
     Warning: namespace 'rgdal' is not available and has been replaced
     by .GlobalEnv when processing object '<unknown>'
     Warning: namespace 'rgdal' is not available and has been replaced
     by .GlobalEnv when processing object '<unknown>'
     Warning: namespace 'rgdal' is not available and has been replaced
     by .GlobalEnv when processing object '<unknown>'
     Warning: namespace 'rgdal' is not available and has been replaced
     by .GlobalEnv when processing object '<unknown>'
     Warning: namespace 'rgdal' is not available and has been replaced
     by .GlobalEnv when processing object '<unknown>'
     Warning: namespace 'rgdal' is not available and has been replaced
     by .GlobalEnv when processing object '<unknown>'
     Warning: namespace 'rgdal' is not available and has been replaced
     by .GlobalEnv when processing object '<unknown>'
     Warning: namespace 'rgdal' is not available and has been replaced
     by .GlobalEnv when processing object '<unknown>'
     Warning: namespace 'rgdal' is not available and has been replaced
     by .GlobalEnv when processing object '<unknown>'
     Warning: namespace 'rgdal' is not available and has been replaced
     by .GlobalEnv when processing object '<unknown>'
     Warning: namespace 'rgdal' is not available and has been replaced
     by .GlobalEnv when processing object '<unknown>'
     Warning: namespace 'rgdal' is not available and has been replaced
     by .GlobalEnv when processing object '<unknown>'
     Warning: namespace 'rgdal' is not available and has been replaced
     by .GlobalEnv when processing object '<unknown>'
Flavor: r-devel-linux-x86_64-fedora-gcc