CRAN Package Check Results for Package aniSNA

Last updated on 2024-06-13 22:49:19 CEST.

Flavor Version Tinstall Tcheck Ttotal Status Flags
r-devel-linux-x86_64-debian-clang 1.1.1 28.45 52.01 80.46 OK
r-devel-linux-x86_64-debian-gcc 1.1.1 0.51 1.61 2.12 ERROR
r-devel-linux-x86_64-fedora-clang 1.1.1 106.14 OK
r-devel-linux-x86_64-fedora-gcc 1.1.1 104.76 OK
r-devel-windows-x86_64 1.1.1 24.00 80.00 104.00 OK
r-patched-linux-x86_64 1.1.1 26.63 50.50 77.13 OK
r-release-linux-x86_64 1.1.1 24.18 48.88 73.06 OK
r-release-macos-arm64 1.1.1 34.00 OK
r-release-macos-x86_64 1.1.1 53.00 OK
r-release-windows-x86_64 1.1.1 24.00 83.00 107.00 OK
r-oldrel-macos-arm64 1.1.1 37.00 OK
r-oldrel-macos-x86_64 1.1.1 62.00 OK
r-oldrel-windows-x86_64 1.1.1 29.00 98.00 127.00 OK

Check Details

Version: 1.1.1
Check: package dependencies
Result: ERROR Packages required but not available: 'dplyr', 'ggplot2', 'igraph', 'lubridate', 'stringr' Package suggested but not available for checking: ‘testthat’ See section ‘The DESCRIPTION file’ in the ‘Writing R Extensions’ manual. Flavor: r-devel-linux-x86_64-debian-gcc