CRAN Package Check Results for Package animaltracker

Last updated on 2021-12-08 22:57:29 CET.

Flavor Version Tinstall Tcheck Ttotal Status Flags
r-devel-linux-x86_64-debian-clang 0.2.0 9.62 95.86 105.48 OK
r-devel-linux-x86_64-debian-gcc 0.2.0 7.49 72.46 79.95 OK
r-devel-linux-x86_64-fedora-clang 0.2.0 127.27 NOTE
r-devel-linux-x86_64-fedora-gcc 0.2.0 114.62 OK
r-devel-windows-x86_64-new-UL 0.2.0 24.00 135.00 159.00 OK
r-devel-windows-x86_64-new-TK 0.2.0 OK
r-devel-windows-x86_64-old 0.2.0 17.00 120.00 137.00 OK
r-patched-linux-x86_64 0.2.0 8.87 91.01 99.88 OK
r-release-linux-x86_64 0.2.0 9.66 91.80 101.46 OK
r-release-macos-arm64 0.2.0 OK
r-release-macos-x86_64 0.2.0 OK
r-release-windows-ix86+x86_64 0.2.0 15.00 114.00 129.00 OK
r-oldrel-macos-x86_64 0.2.0 OK
r-oldrel-windows-ix86+x86_64 0.2.0 21.00 120.00 141.00 OK

Check Details

Version: 0.2.0
Check: package dependencies
Result: NOTE
    Imports includes 22 non-default packages.
    Importing from so many packages makes the package vulnerable to any of
    them becoming unavailable. Move as many as possible to Suggests and
    use conditionally.
Flavor: r-devel-linux-x86_64-fedora-clang