CRAN Package Check Results for Package anipaths

Last updated on 2020-01-17 22:50:46 CET.

Flavor Version Tinstall Tcheck Ttotal Status Flags
r-devel-linux-x86_64-debian-clang 0.9.7 9.02 69.53 78.55 NOTE
r-devel-linux-x86_64-debian-gcc 0.9.7 8.40 56.03 64.43 NOTE
r-devel-linux-x86_64-fedora-clang 0.9.7 98.90 NOTE
r-devel-linux-x86_64-fedora-gcc 0.9.7 96.88 NOTE
r-devel-windows-ix86+x86_64 0.9.7 29.00 77.00 106.00 NOTE
r-devel-windows-ix86+x86_64-gcc8 0.9.7 21.00 92.00 113.00 NOTE
r-patched-linux-x86_64 0.9.7 7.91 62.56 70.47 OK
r-patched-solaris-x86 0.9.7 136.50 NOTE
r-release-linux-x86_64 0.9.7 7.93 63.69 71.62 OK
r-release-windows-ix86+x86_64 0.9.7 25.00 112.00 137.00 OK
r-release-osx-x86_64 0.9.7 NOTE
r-oldrel-windows-ix86+x86_64 0.9.7 15.00 73.00 88.00 OK
r-oldrel-osx-x86_64 0.9.7 NOTE

Check Details

Version: 0.9.7
Check: package vignettes
Result: NOTE
    Package vignette with placeholder title 'Vignette Title':
     'anipaths.Rmd'
Flavors: r-devel-linux-x86_64-debian-clang, r-devel-linux-x86_64-debian-gcc, r-devel-windows-ix86+x86_64, r-devel-windows-ix86+x86_64-gcc8

Version: 0.9.7
Check: for non-standard things in the check directory
Result: NOTE
    Found the following files/directories:
     'css' 'images' 'index.html' 'js'
Flavors: r-devel-linux-x86_64-debian-clang, r-devel-linux-x86_64-debian-gcc, r-devel-linux-x86_64-fedora-clang, r-devel-linux-x86_64-fedora-gcc

Version: 0.9.7
Check: dependencies in R code
Result: NOTE
    Namespaces in Imports field not imported from:
     ‘knitr’ ‘rgdal’
     All declared Imports should be used.
Flavors: r-devel-linux-x86_64-fedora-clang, r-devel-linux-x86_64-fedora-gcc, r-patched-solaris-x86, r-release-osx-x86_64, r-oldrel-osx-x86_64