CRAN Package Check Results for Package anipaths

Last updated on 2019-08-25 22:46:56 CEST.

Flavor Version Tinstall Tcheck Ttotal Status Flags
r-devel-linux-x86_64-debian-clang 0.9.7 8.13 64.59 72.72 NOTE
r-devel-linux-x86_64-debian-gcc 0.9.7 7.55 52.43 59.98 NOTE
r-devel-linux-x86_64-fedora-clang 0.9.7 90.68 NOTE
r-devel-linux-x86_64-fedora-gcc 0.9.7 89.43 NOTE
r-devel-windows-ix86+x86_64 0.9.7 27.00 74.00 101.00 NOTE
r-patched-linux-x86_64 0.9.7 8.70 63.96 72.66 OK
r-patched-solaris-x86 0.9.7 140.30 NOTE
r-release-linux-x86_64 0.9.7 8.27 63.17 71.44 OK
r-release-windows-ix86+x86_64 0.9.7 25.00 115.00 140.00 OK
r-release-osx-x86_64 0.9.7 NOTE
r-oldrel-windows-ix86+x86_64 0.9.7 14.00 98.00 112.00 OK
r-oldrel-osx-x86_64 0.9.7 NOTE

Check Details

Version: 0.9.7
Check: package vignettes
Result: NOTE
    Package vignette with placeholder title 'Vignette Title':
     'anipaths.Rmd'
Flavors: r-devel-linux-x86_64-debian-clang, r-devel-linux-x86_64-debian-gcc, r-devel-windows-ix86+x86_64

Version: 0.9.7
Check: for non-standard things in the check directory
Result: NOTE
    Found the following files/directories:
     'css' 'images' 'index.html' 'js'
Flavors: r-devel-linux-x86_64-debian-clang, r-devel-linux-x86_64-debian-gcc, r-devel-linux-x86_64-fedora-clang, r-devel-linux-x86_64-fedora-gcc

Version: 0.9.7
Check: dependencies in R code
Result: NOTE
    Namespaces in Imports field not imported from:
     ‘knitr’ ‘rgdal’
     All declared Imports should be used.
Flavors: r-devel-linux-x86_64-fedora-clang, r-devel-linux-x86_64-fedora-gcc, r-patched-solaris-x86, r-release-osx-x86_64, r-oldrel-osx-x86_64