Last updated on 2024-04-23 22:55:15 CEST.
Flavor | Version | Tinstall | Tcheck | Ttotal | Status | Flags |
---|---|---|---|---|---|---|
r-devel-linux-x86_64-debian-clang | 0.7.5.6 | 10.23 | 104.39 | 114.62 | NOTE | |
r-devel-linux-x86_64-debian-gcc | 0.7.5.6 | 7.52 | 78.52 | 86.04 | NOTE | |
r-devel-linux-x86_64-fedora-clang | 0.7.5.6 | 145.71 | NOTE | |||
r-devel-linux-x86_64-fedora-gcc | 0.7.5.6 | 170.57 | NOTE | |||
r-prerel-macos-arm64 | 0.7.5.6 | 49.00 | NOTE | |||
r-prerel-windows-x86_64 | 0.7.5.6 | 9.00 | 161.00 | 170.00 | NOTE | |
r-patched-linux-x86_64 | 0.7.5.6 | 11.04 | 99.27 | 110.31 | NOTE | |
r-release-linux-x86_64 | 0.7.5.6 | 11.56 | 101.74 | 113.30 | OK | |
r-release-macos-arm64 | 0.7.5.6 | 49.00 | OK | |||
r-release-macos-x86_64 | 0.7.5.6 | 82.00 | OK | |||
r-release-windows-x86_64 | 0.7.5.6 | 13.00 | 145.00 | 158.00 | OK | |
r-oldrel-macos-arm64 | 0.7.5.6 | 41.00 | OK | |||
r-oldrel-windows-x86_64 | 0.7.5.6 | 14.00 | 143.00 | 157.00 | OK |
Version: 0.7.5.6
Check: Rd files
Result: NOTE
checkRd: (-1) concat.Rd:35: Lost braces; missing escapes or markup?
35 | \item{index_unique}{Whether to make the index unique by using the keys. If provided, this is the delimeter between "{orig_idx}{index_unique}{key}". When \code{NULL}, the original indices are kept.}
| ^
checkRd: (-1) concat.Rd:35: Lost braces
35 | \item{index_unique}{Whether to make the index unique by using the keys. If provided, this is the delimeter between "{orig_idx}{index_unique}{key}". When \code{NULL}, the original indices are kept.}
| ^
checkRd: (-1) concat.Rd:35: Lost braces
35 | \item{index_unique}{Whether to make the index unique by using the keys. If provided, this is the delimeter between "{orig_idx}{index_unique}{key}". When \code{NULL}, the original indices are kept.}
| ^
Flavors: r-devel-linux-x86_64-debian-clang, r-devel-linux-x86_64-debian-gcc, r-devel-linux-x86_64-fedora-clang, r-devel-linux-x86_64-fedora-gcc, r-prerel-macos-arm64, r-prerel-windows-x86_64, r-patched-linux-x86_64