CRAN Package Check Results for Package anomaly

Last updated on 2021-07-25 23:00:04 CEST.

Flavor Version Tinstall Tcheck Ttotal Status Flags
r-devel-linux-x86_64-debian-clang 4.0.1 66.61 109.28 175.89 OK
r-devel-linux-x86_64-debian-gcc 4.0.1 42.72 80.53 123.25 OK
r-devel-linux-x86_64-fedora-clang 4.0.1 274.93 NOTE
r-devel-linux-x86_64-fedora-gcc 4.0.1 207.74 OK
r-devel-windows-x86_64 4.0.1 100.00 149.00 249.00 NOTE
r-devel-windows-x86_64-gcc10-UCRT 4.0.1 OK
r-patched-linux-x86_64 4.0.1 52.91 102.08 154.99 OK
r-patched-solaris-x86 4.0.1 247.60 NOTE
r-release-linux-x86_64 4.0.1 48.59 101.54 150.13 OK
r-release-macos-arm64 4.0.1 NOTE
r-release-macos-x86_64 4.0.1 NOTE
r-release-windows-ix86+x86_64 4.0.1 175.00 164.00 339.00 NOTE
r-oldrel-macos-x86_64 4.0.1 NOTE
r-oldrel-windows-ix86+x86_64 4.0.1 139.00 243.00 382.00 NOTE

Check Details

Version: 4.0.1
Check: installed package size
Result: NOTE
     installed size is 6.9Mb
     sub-directories of 1Mb or more:
     data 4.1Mb
     libs 2.4Mb
Flavors: r-devel-linux-x86_64-fedora-clang, r-devel-windows-x86_64, r-patched-solaris-x86, r-release-macos-arm64, r-release-macos-x86_64, r-release-windows-ix86+x86_64, r-oldrel-macos-x86_64, r-oldrel-windows-ix86+x86_64