Last updated on 2022-07-06 21:53:34 CEST.
Flavor | Version | Tinstall | Tcheck | Ttotal | Status | Flags |
---|---|---|---|---|---|---|
r-devel-linux-x86_64-debian-clang | 0.99.25 | 11.90 | 84.68 | 96.58 | NOTE | |
r-devel-linux-x86_64-debian-gcc | 0.99.25 | 11.14 | 62.59 | 73.73 | NOTE | |
r-devel-linux-x86_64-fedora-clang | 0.99.25 | 124.63 | NOTE | |||
r-devel-linux-x86_64-fedora-gcc | 0.99.25 | 125.31 | NOTE | |||
r-devel-windows-x86_64 | 0.99.25 | 96.00 | 120.00 | 216.00 | NOTE | |
r-patched-linux-x86_64 | 0.99.25 | 12.54 | 79.61 | 92.15 | OK | |
r-release-linux-x86_64 | 0.99.25 | 9.91 | 80.60 | 90.51 | OK | |
r-release-macos-arm64 | 0.99.25 | 34.00 | OK | |||
r-release-macos-x86_64 | 0.99.25 | 51.00 | OK | |||
r-release-windows-x86_64 | 0.99.25 | 102.00 | 124.00 | 226.00 | OK | |
r-oldrel-macos-arm64 | 0.99.25 | 38.00 | OK | |||
r-oldrel-macos-x86_64 | 0.99.25 | 69.00 | OK | |||
r-oldrel-windows-ix86+x86_64 | 0.99.25 | 27.00 | 113.00 | 140.00 | OK |
Version: 0.99.25
Check: Rd files
Result: NOTE
checkRd: (-1) AIDS-Functions.Rd:334: Escaped LaTeX specials: \&
checkRd: (-1) Logit-Functions.Rd:380: Escaped LaTeX specials: \&
Flavors: r-devel-linux-x86_64-debian-clang, r-devel-linux-x86_64-debian-gcc, r-devel-linux-x86_64-fedora-clang, r-devel-linux-x86_64-fedora-gcc, r-devel-windows-x86_64