CRAN Package Check Results for Package anyLib

Last updated on 2022-12-06 23:00:36 CET.

Flavor Version Tinstall Tcheck Ttotal Status Flags
r-devel-linux-x86_64-debian-clang 1.0.5 1.91 525.50 527.41 NOTE
r-devel-linux-x86_64-debian-gcc 1.0.5 1.82 388.25 390.07 NOTE
r-devel-linux-x86_64-fedora-clang 1.0.5 618.79 NOTE
r-devel-linux-x86_64-fedora-gcc 1.0.5 115.04 NOTE
r-devel-windows-x86_64 1.0.5 8.00 128.00 136.00 NOTE
r-patched-linux-x86_64 1.0.5 2.38 512.74 515.12 NOTE
r-release-linux-x86_64 1.0.5 2.20 477.43 479.63 NOTE
r-release-macos-arm64 1.0.5 139.00 NOTE
r-release-macos-x86_64 1.0.5 98.00 NOTE
r-release-windows-x86_64 1.0.5 9.00 125.00 134.00 NOTE
r-oldrel-macos-arm64 1.0.5 114.00 NOTE
r-oldrel-macos-x86_64 1.0.5 94.00 NOTE
r-oldrel-windows-ix86+x86_64 1.0.5 7.00 120.00 127.00 NOTE

Check Details

Version: 1.0.5
Check: LazyData
Result: NOTE
     'LazyData' is specified without a 'data' directory
Flavors: r-devel-linux-x86_64-debian-clang, r-devel-linux-x86_64-debian-gcc, r-devel-linux-x86_64-fedora-clang, r-devel-linux-x86_64-fedora-gcc, r-devel-windows-x86_64, r-patched-linux-x86_64, r-release-linux-x86_64, r-release-macos-arm64, r-release-macos-x86_64, r-release-windows-x86_64, r-oldrel-macos-arm64, r-oldrel-macos-x86_64, r-oldrel-windows-ix86+x86_64

Version: 1.0.5
Check: dependencies in R code
Result: NOTE
    Namespaces in Imports field not imported from:
     ‘curl’ ‘httr’
     All declared Imports should be used.
Flavors: r-devel-linux-x86_64-fedora-clang, r-devel-linux-x86_64-fedora-gcc, r-release-macos-arm64, r-release-macos-x86_64, r-oldrel-macos-arm64, r-oldrel-macos-x86_64