CRAN Package Check Results for Package anyflights

Last updated on 2021-10-22 22:56:24 CEST.

Flavor Version Tinstall Tcheck Ttotal Status Flags
r-devel-linux-x86_64-debian-clang 0.3.1 4.58 44.20 48.78 NOTE
r-devel-linux-x86_64-debian-gcc 0.3.1 4.09 33.11 37.20 NOTE
r-devel-linux-x86_64-fedora-clang 0.3.1 72.76 NOTE
r-devel-linux-x86_64-fedora-gcc 0.3.1 56.54 NOTE
r-devel-windows-x86_64 0.3.1 9.00 63.00 72.00 NOTE
r-devel-windows-x86_64-gcc10-UCRT 0.3.1 NOTE
r-patched-linux-x86_64 0.3.1 4.75 41.08 45.83 NOTE
r-patched-solaris-x86 0.3.1 84.30 NOTE
r-release-linux-x86_64 0.3.1 5.13 40.88 46.01 NOTE
r-release-macos-arm64 0.3.1 NOTE
r-release-macos-x86_64 0.3.1 NOTE
r-release-windows-ix86+x86_64 0.3.1 10.00 56.00 66.00 NOTE
r-oldrel-macos-x86_64 0.3.1 OK
r-oldrel-windows-ix86+x86_64 0.3.1 13.00 65.00 78.00 OK

Check Details

Version: 0.3.1
Check: LazyData
Result: NOTE
     'LazyData' is specified without a 'data' directory
Flavors: r-devel-linux-x86_64-debian-clang, r-devel-linux-x86_64-debian-gcc, r-devel-linux-x86_64-fedora-clang, r-devel-linux-x86_64-fedora-gcc, r-devel-windows-x86_64, r-devel-windows-x86_64-gcc10-UCRT, r-patched-linux-x86_64, r-patched-solaris-x86, r-release-linux-x86_64, r-release-macos-arm64, r-release-macos-x86_64, r-release-windows-ix86+x86_64