Last updated on 2024-04-23 22:55:16 CEST.
Flavor | Version | Tinstall | Tcheck | Ttotal | Status | Flags |
---|---|---|---|---|---|---|
r-devel-linux-x86_64-debian-clang | 0.3.0 | 53.78 | 47.26 | 101.04 | NOTE | |
r-devel-linux-x86_64-debian-gcc | 0.3.0 | 40.57 | 35.94 | 76.51 | NOTE | |
r-devel-linux-x86_64-fedora-clang | 0.3.0 | 147.97 | NOTE | |||
r-devel-linux-x86_64-fedora-gcc | 0.3.0 | 150.90 | NOTE | |||
r-prerel-macos-arm64 | 0.3.0 | 48.00 | NOTE | |||
r-prerel-windows-x86_64 | 0.3.0 | 42.00 | 101.00 | 143.00 | NOTE | |
r-patched-linux-x86_64 | 0.3.0 | 49.72 | 45.41 | 95.13 | NOTE | |
r-release-linux-x86_64 | 0.3.0 | 50.32 | 44.77 | 95.09 | NOTE | |
r-release-macos-arm64 | 0.3.0 | 56.00 | NOTE | |||
r-release-macos-x86_64 | 0.3.0 | 80.00 | NOTE | |||
r-release-windows-x86_64 | 0.3.0 | 39.00 | 117.00 | 156.00 | NOTE | |
r-oldrel-macos-arm64 | 0.3.0 | 49.00 | OK | |||
r-oldrel-windows-x86_64 | 0.3.0 | 54.00 | 108.00 | 162.00 | OK |
Version: 0.3.0
Check: C++ specification
Result: NOTE
Specified C++11: please drop specification unless essential
Flavors: r-devel-linux-x86_64-debian-clang, r-devel-linux-x86_64-debian-gcc, r-devel-linux-x86_64-fedora-clang, r-devel-linux-x86_64-fedora-gcc, r-prerel-macos-arm64, r-prerel-windows-x86_64, r-patched-linux-x86_64, r-release-linux-x86_64, r-release-macos-arm64, r-release-macos-x86_64, r-release-windows-x86_64
Version: 0.3.0
Check: installed package size
Result: NOTE
installed size is 5.1Mb
sub-directories of 1Mb or more:
libs 4.5Mb
Flavor: r-release-macos-x86_64