CRAN Package Check Results for Package ape

Last updated on 2021-09-20 22:55:09 CEST.

Flavor Version Tinstall Tcheck Ttotal Status Flags
r-devel-linux-x86_64-debian-clang 5.5 69.11 271.05 340.16 OK
r-devel-linux-x86_64-debian-gcc 5.5 44.17 196.72 240.89 OK
r-devel-linux-x86_64-fedora-clang 5.5 410.60 OK
r-devel-linux-x86_64-fedora-gcc 5.5 390.04 OK
r-devel-windows-x86_64 5.5 78.00 230.00 308.00 OK
r-devel-windows-x86_64-gcc10-UCRT 5.5 ERROR
r-patched-linux-x86_64 5.5 64.86 260.66 325.52 OK
r-patched-solaris-x86 5.5 455.50 OK
r-release-linux-x86_64 5.5 56.25 259.62 315.87 OK
r-release-macos-arm64 5.5 NOTE
r-release-macos-x86_64 5.5 OK
r-release-windows-ix86+x86_64 5.5 144.00 373.00 517.00 NOTE
r-oldrel-macos-x86_64 5.5 OK
r-oldrel-windows-ix86+x86_64 5.5 146.00 376.00 522.00 NOTE

Check Details

Version: 5.5
Check: whether package can be installed
Result: ERROR
    Installation failed.
Flavor: r-devel-windows-x86_64-gcc10-UCRT

Version: 5.5
Check: installed package size
Result: NOTE
     installed size is 5.2Mb
     sub-directories of 1Mb or more:
     R 1.0Mb
     doc 1.3Mb
     libs 1.9Mb
Flavors: r-release-macos-arm64, r-release-windows-ix86+x86_64, r-oldrel-windows-ix86+x86_64