Last updated on 2022-08-13 22:49:53 CEST.
Flavor | Version | Tinstall | Tcheck | Ttotal | Status | Flags |
---|---|---|---|---|---|---|
r-devel-linux-x86_64-debian-clang | 5.6-2 | 74.25 | 286.42 | 360.67 | OK | |
r-devel-linux-x86_64-debian-gcc | 5.6-2 | 52.40 | 208.37 | 260.77 | OK | |
r-devel-linux-x86_64-fedora-clang | 5.6-2 | 440.43 | OK | |||
r-devel-linux-x86_64-fedora-gcc | 5.6-2 | 425.81 | OK | |||
r-devel-windows-x86_64 | 5.6-2 | 140.00 | 391.00 | 531.00 | OK | |
r-patched-linux-x86_64 | 5.6-2 | 58.46 | 265.05 | 323.51 | OK | |
r-release-linux-x86_64 | 5.6-2 | 61.27 | 268.33 | 329.60 | OK | |
r-release-macos-arm64 | 5.6-2 | 114.00 | OK | |||
r-release-macos-x86_64 | 5.6-2 | 164.00 | OK | |||
r-release-windows-x86_64 | 5.6-2 | 145.00 | 399.00 | 544.00 | OK | |
r-oldrel-macos-arm64 | 5.6-2 | 139.00 | NOTE | |||
r-oldrel-macos-x86_64 | 5.6-2 | 177.00 | OK | |||
r-oldrel-windows-ix86+x86_64 | 5.6-2 | 157.00 | 393.00 | 550.00 | NOTE |
Version: 5.6-2
Check: installed package size
Result: NOTE
installed size is 5.2Mb
sub-directories of 1Mb or more:
R 1.1Mb
doc 1.3Mb
libs 1.9Mb
Flavors: r-oldrel-macos-arm64, r-oldrel-windows-ix86+x86_64