CRAN Package Check Results for Package apercu

Last updated on 2022-01-24 22:56:19 CET.

Flavor Version Tinstall Tcheck Ttotal Status Flags
r-devel-linux-x86_64-debian-clang 0.2.4 2.23 31.04 33.27 NOTE
r-devel-linux-x86_64-debian-gcc 0.2.4 1.23 24.42 25.65 NOTE
r-devel-linux-x86_64-fedora-clang 0.2.4 42.40 NOTE
r-devel-linux-x86_64-fedora-gcc 0.2.4 30.87 NOTE
r-devel-windows-x86_64-new-UL 0.2.4 17.00 54.00 71.00 NOTE
r-devel-windows-x86_64-new-TK 0.2.4 NOTE
r-patched-linux-x86_64 0.2.4 1.51 30.55 32.06 NOTE
r-release-linux-x86_64 0.2.4 1.32 30.35 31.67 NOTE
r-release-macos-arm64 0.2.4 NOTE
r-release-macos-x86_64 0.2.4 NOTE
r-release-windows-ix86+x86_64 0.2.4 5.00 39.00 44.00 NOTE
r-oldrel-macos-x86_64 0.2.4 NOTE
r-oldrel-windows-ix86+x86_64 0.2.4 5.00 39.00 44.00 OK

Check Details

Version: 0.2.4
Check: LazyData
Result: NOTE
     'LazyData' is specified without a 'data' directory
Flavors: r-devel-linux-x86_64-debian-clang, r-devel-linux-x86_64-debian-gcc, r-devel-linux-x86_64-fedora-clang, r-devel-linux-x86_64-fedora-gcc, r-devel-windows-x86_64-new-UL, r-devel-windows-x86_64-new-TK, r-patched-linux-x86_64, r-release-linux-x86_64, r-release-macos-arm64, r-release-macos-x86_64, r-release-windows-ix86+x86_64

Version: 0.2.4
Check: dependencies in R code
Result: NOTE
    Namespace in Imports field not imported from: ‘pls’
     All declared Imports should be used.
Flavors: r-devel-linux-x86_64-fedora-clang, r-devel-linux-x86_64-fedora-gcc, r-devel-windows-x86_64-new-TK, r-release-macos-arm64, r-release-macos-x86_64, r-oldrel-macos-x86_64