CRAN Package Check Results for Package apollo

Last updated on 2021-08-02 22:54:18 CEST.

Flavor Version Tinstall Tcheck Ttotal Status Flags
r-devel-linux-x86_64-debian-clang 0.2.4 65.10 175.96 241.06 NOTE
r-devel-linux-x86_64-debian-gcc 0.2.5 54.54 142.56 197.10 NOTE
r-devel-linux-x86_64-fedora-clang 0.2.5 336.22 OK
r-devel-linux-x86_64-fedora-gcc 0.2.5 332.23 OK
r-devel-windows-x86_64 0.2.4 67.00 199.00 266.00 OK
r-devel-windows-x86_64-gcc10-UCRT 0.2.4 OK
r-patched-linux-x86_64 0.2.4 NOTE
r-patched-solaris-x86 0.2.5 350.20 OK
r-release-linux-x86_64 0.2.4 56.40 168.70 225.10 NOTE
r-release-macos-arm64 0.2.4 OK
r-release-macos-x86_64 0.2.5 OK
r-release-windows-ix86+x86_64 0.2.4 141.00 223.00 364.00 OK
r-oldrel-macos-x86_64 0.2.5 OK
r-oldrel-windows-ix86+x86_64 0.2.4 107.00 249.00 356.00 OK

Check Details

Version: 0.2.4
Check: R code for possible problems
Result: NOTE
    Found the following calls to attach():
    File 'apollo/R/apollo_attach.R':
     attach(as.list(apollo_beta))
     attach(database)
     attach(draws)
     attach(randcoeff)
     attach(lcpars)
    See section 'Good practice' in '?attach'.
Flavors: r-devel-linux-x86_64-debian-clang, r-patched-linux-x86_64, r-release-linux-x86_64

Version: 0.2.5
Check: R code for possible problems
Result: NOTE
    Found the following calls to attach():
    File ‘apollo/R/apollo_attach.R’:
     attach(as.list(apollo_beta), warn.conflicts = FALSE)
     attach(database, warn.conflicts = FALSE)
     attach(draws, warn.conflicts = FALSE)
     attach(randcoeff, warn.conflicts = FALSE)
     attach(lcpars, warn.conflicts = FALSE)
    See section ‘Good practice’ in ‘?attach’.
Flavor: r-devel-linux-x86_64-debian-gcc