Last updated on 2024-04-23 22:55:16 CEST.
Flavor | Version | Tinstall | Tcheck | Ttotal | Status | Flags |
---|---|---|---|---|---|---|
r-devel-linux-x86_64-debian-clang | 1.1.1 | 299.96 | 80.66 | 380.62 | OK | |
r-devel-linux-x86_64-debian-gcc | 1.1.1 | 229.10 | 62.98 | 292.08 | OK | |
r-devel-linux-x86_64-fedora-clang | 1.1.1 | 556.41 | OK | |||
r-devel-linux-x86_64-fedora-gcc | 1.1.1 | 569.31 | OK | |||
r-prerel-macos-arm64 | 1.1.1 | 103.00 | NOTE | |||
r-prerel-macos-x86_64 | 1.1.1 | 188.00 | NOTE | |||
r-prerel-windows-x86_64 | 1.1.1 | 224.00 | 119.00 | 343.00 | OK | |
r-patched-linux-x86_64 | 1.1.1 | 287.54 | 83.52 | 371.06 | OK | |
r-release-linux-x86_64 | 1.1.1 | 284.44 | 83.31 | 367.75 | OK | |
r-release-macos-arm64 | 1.1.1 | 110.00 | NOTE | |||
r-release-macos-x86_64 | 1.1.1 | 190.00 | NOTE | |||
r-release-windows-x86_64 | 1.1.1 | 277.00 | 134.00 | 411.00 | OK | |
r-oldrel-macos-arm64 | 1.1.1 | 106.00 | NOTE | |||
r-oldrel-windows-x86_64 | 1.1.1 | 255.00 | 122.00 | 377.00 | OK |
Version: 1.1.1
Check: installed package size
Result: NOTE
installed size is 33.2Mb
sub-directories of 1Mb or more:
libs 32.9Mb
Flavors: r-prerel-macos-arm64, r-prerel-macos-x86_64, r-release-macos-arm64, r-release-macos-x86_64, r-oldrel-macos-arm64