CRAN Package Check Results for Package apt

Last updated on 2019-08-24 22:46:20 CEST.

Flavor Version Tinstall Tcheck Ttotal Status Flags
r-devel-linux-x86_64-debian-clang 2.5 12.55 106.34 118.89 OK
r-devel-linux-x86_64-debian-gcc 2.5 10.49 83.20 93.69 OK
r-devel-linux-x86_64-fedora-clang 2.5 142.32 OK
r-devel-linux-x86_64-fedora-gcc 2.5 138.63 OK
r-devel-windows-ix86+x86_64 2.5 28.00 121.00 149.00 OK
r-patched-linux-x86_64 2.5 11.21 103.96 115.17 OK
r-patched-solaris-x86 2.5 235.80 OK
r-release-linux-x86_64 2.5 10.74 101.09 111.83 OK
r-release-windows-ix86+x86_64 2.5 46.00 165.00 211.00 OK
r-release-osx-x86_64 2.5 NOTE
r-oldrel-windows-ix86+x86_64 2.5 26.00 169.00 195.00 OK
r-oldrel-osx-x86_64 2.5 NOTE

Check Details

Version: 2.5
Check: package dependencies
Result: NOTE
    Packages suggested but not available for checking:
     'RGtk2', 'gWidgetsRGtk2', 'cairoDevice'
Flavor: r-release-osx-x86_64

Version: 2.5
Check: package dependencies
Result: NOTE
    Packages suggested but not available for checking:
     ‘RGtk2’ ‘gWidgetsRGtk2’ ‘cairoDevice’
Flavor: r-oldrel-osx-x86_64