CRAN Package Check Results for Package archiDART

Last updated on 2022-07-06 21:53:34 CEST.

Flavor Version Tinstall Tcheck Ttotal Status Flags
r-devel-linux-x86_64-debian-clang 3.4 23.78 132.23 156.01 OK
r-devel-linux-x86_64-debian-gcc 3.4 20.97 94.53 115.50 OK
r-devel-linux-x86_64-fedora-clang 3.4 191.97 WARN
r-devel-linux-x86_64-fedora-gcc 3.4 192.54 WARN
r-devel-windows-x86_64 3.4 32.00 133.00 165.00 OK
r-patched-linux-x86_64 3.4 24.00 122.44 146.44 OK
r-release-linux-x86_64 3.4 23.22 122.98 146.20 OK
r-release-macos-arm64 3.4 44.00 OK
r-release-macos-x86_64 3.4 60.00 OK
r-release-windows-x86_64 3.4 34.00 144.00 178.00 OK
r-oldrel-macos-arm64 3.4 51.00 OK
r-oldrel-macos-x86_64 3.4 90.00 OK
r-oldrel-windows-ix86+x86_64 3.4 43.00 141.00 184.00 OK

Check Details

Version: 3.4
Check: package dependencies
Result: WARN
    Requires orphaned package: ‘gtools’
Flavors: r-devel-linux-x86_64-fedora-clang, r-devel-linux-x86_64-fedora-gcc