CRAN Package Check Results for Package archivist.github

Last updated on 2021-12-03 22:57:32 CET.

Flavor Version Tinstall Tcheck Ttotal Status Flags
r-devel-linux-x86_64-debian-clang 0.2.6 6.38 58.13 64.51 NOTE
r-devel-linux-x86_64-debian-gcc 0.2.6 5.70 45.38 51.08 NOTE
r-devel-linux-x86_64-fedora-clang 0.2.6 83.68 NOTE
r-devel-linux-x86_64-fedora-gcc 0.2.6 79.25 NOTE
r-devel-windows-x86_64-new-UL 0.2.6 14.00 100.00 114.00 NOTE
r-devel-windows-x86_64-new-TK 0.2.6 NOTE
r-devel-windows-x86_64-old 0.2.6 12.00 61.00 73.00 NOTE
r-patched-linux-x86_64 0.2.6 11.42 55.02 66.44 NOTE
r-release-linux-x86_64 0.2.6 6.41 54.87 61.28 NOTE
r-release-macos-arm64 0.2.6 NOTE
r-release-macos-x86_64 0.2.6 NOTE
r-release-windows-ix86+x86_64 0.2.6 15.00 75.00 90.00 NOTE
r-oldrel-macos-x86_64 0.2.6 OK
r-oldrel-windows-ix86+x86_64 0.2.6 15.00 74.00 89.00 OK

Check Details

Version: 0.2.6
Check: LazyData
Result: NOTE
     'LazyData' is specified without a 'data' directory
Flavors: r-devel-linux-x86_64-debian-clang, r-devel-linux-x86_64-debian-gcc, r-devel-linux-x86_64-fedora-clang, r-devel-linux-x86_64-fedora-gcc, r-devel-windows-x86_64-new-UL, r-devel-windows-x86_64-new-TK, r-devel-windows-x86_64-old, r-patched-linux-x86_64, r-release-linux-x86_64, r-release-macos-arm64, r-release-macos-x86_64, r-release-windows-ix86+x86_64