Last updated on 2022-05-23 22:58:09 CEST.
Flavor | Version | Tinstall | Tcheck | Ttotal | Status | Flags |
---|---|---|---|---|---|---|
r-devel-linux-x86_64-debian-clang | 1.0.0 | 3.42 | 57.21 | 60.63 | OK | |
r-devel-linux-x86_64-debian-gcc | 1.0.0 | 2.59 | 42.72 | 45.31 | OK | |
r-devel-linux-x86_64-fedora-clang | 1.0.0 | 74.20 | NOTE | |||
r-devel-linux-x86_64-fedora-gcc | 1.0.0 | 68.93 | NOTE | |||
r-devel-windows-x86_64 | 1.0.0 | 23.00 | 79.00 | 102.00 | OK | |
r-patched-linux-x86_64 | 1.0.0 | 3.14 | 53.44 | 56.58 | OK | |
r-release-linux-x86_64 | 1.0.0 | OK | ||||
r-release-macos-arm64 | 1.0.0 | 23.00 | NOTE | |||
r-release-macos-x86_64 | 1.0.0 | 43.00 | NOTE | |||
r-release-windows-x86_64 | 1.0.0 | 39.00 | 82.00 | 121.00 | OK | |
r-oldrel-macos-arm64 | 1.0.0 | 31.00 | NOTE | |||
r-oldrel-macos-x86_64 | 1.0.0 | 36.00 | NOTE | |||
r-oldrel-windows-ix86+x86_64 | 1.0.0 | 10.00 | 62.00 | 72.00 | OK |
Version: 1.0.0
Check: dependencies in R code
Result: NOTE
Namespaces in Imports field not imported from:
‘purrr’ ‘shinyBS’ ‘shinydashboard’ ‘shinyjs’
All declared Imports should be used.
Flavors: r-devel-linux-x86_64-fedora-clang, r-devel-linux-x86_64-fedora-gcc, r-release-macos-arm64, r-release-macos-x86_64, r-oldrel-macos-arm64, r-oldrel-macos-x86_64