CRAN Package Check Results for Package arenar

Last updated on 2021-12-08 22:57:29 CET.

Flavor Version Tinstall Tcheck Ttotal Status Flags
r-devel-linux-x86_64-debian-clang 0.2.0 3.48 105.20 108.68 NOTE
r-devel-linux-x86_64-debian-gcc 0.2.0 2.94 82.04 84.98 NOTE
r-devel-linux-x86_64-fedora-clang 0.2.0 127.94 NOTE
r-devel-linux-x86_64-fedora-gcc 0.2.0 117.63 NOTE
r-devel-windows-x86_64-new-UL 0.2.0 13.00 191.00 204.00 NOTE
r-devel-windows-x86_64-new-TK 0.2.0 NOTE
r-devel-windows-x86_64-old 0.2.0 8.00 124.00 132.00 NOTE
r-patched-linux-x86_64 0.2.0 4.57 100.24 104.81 NOTE
r-release-linux-x86_64 0.2.0 4.21 100.53 104.74 NOTE
r-release-macos-arm64 0.2.0 NOTE
r-release-macos-x86_64 0.2.0 NOTE
r-release-windows-ix86+x86_64 0.2.0 6.00 112.00 118.00 NOTE
r-oldrel-macos-x86_64 0.2.0 OK
r-oldrel-windows-ix86+x86_64 0.2.0 9.00 122.00 131.00 OK

Check Details

Version: 0.2.0
Check: LazyData
Result: NOTE
     'LazyData' is specified without a 'data' directory
Flavors: r-devel-linux-x86_64-debian-clang, r-devel-linux-x86_64-debian-gcc, r-devel-linux-x86_64-fedora-clang, r-devel-linux-x86_64-fedora-gcc, r-devel-windows-x86_64-new-UL, r-devel-windows-x86_64-new-TK, r-devel-windows-x86_64-old, r-patched-linux-x86_64, r-release-linux-x86_64, r-release-macos-arm64, r-release-macos-x86_64, r-release-windows-ix86+x86_64