CRAN Package Check Results for Package aricode

Last updated on 2021-05-05 22:51:27 CEST.

Flavor Version Tinstall Tcheck Ttotal Status Flags
r-devel-linux-x86_64-debian-clang 1.0.0 24.61 68.43 93.04 NOTE
r-devel-linux-x86_64-debian-gcc 1.0.0 18.65 51.85 70.50 NOTE
r-devel-linux-x86_64-fedora-clang 1.0.0 127.46 NOTE
r-devel-linux-x86_64-fedora-gcc 1.0.0 112.16 NOTE
r-devel-windows-ix86+x86_64 1.0.0 43.00 131.00 174.00 NOTE
r-devel-windows-x86_64-gcc10-UCRT 1.0.0 NOTE
r-patched-linux-x86_64 1.0.0 20.96 67.70 88.66 NOTE
r-patched-solaris-x86 1.0.0 162.40 OK
r-release-linux-x86_64 1.0.0 21.88 64.36 86.24 OK
r-release-macos-x86_64 1.0.0 OK
r-release-windows-ix86+x86_64 1.0.0 40.00 105.00 145.00 OK
r-oldrel-macos-x86_64 1.0.0 OK
r-oldrel-windows-ix86+x86_64 1.0.0 55.00 124.00 179.00 OK

Additional issues

clang-UBSAN

Check Details

Version: 1.0.0
Check: LazyData
Result: NOTE
     'LazyData' is specified without a 'data' directory
Flavors: r-devel-linux-x86_64-debian-clang, r-devel-linux-x86_64-debian-gcc, r-devel-linux-x86_64-fedora-clang, r-devel-linux-x86_64-fedora-gcc, r-devel-windows-ix86+x86_64, r-devel-windows-x86_64-gcc10-UCRT, r-patched-linux-x86_64