CRAN Package Check Results for Package arkdb

Last updated on 2021-06-11 22:54:02 CEST.

Flavor Version Tinstall Tcheck Ttotal Status Flags
r-devel-linux-x86_64-debian-clang 0.0.12 3.10 234.75 237.85 NOTE
r-devel-linux-x86_64-debian-gcc 0.0.12 2.32 185.00 187.32 NOTE
r-devel-linux-x86_64-fedora-clang 0.0.12 293.58 NOTE
r-devel-linux-x86_64-fedora-gcc 0.0.12 285.80 NOTE
r-devel-windows-x86_64 0.0.12 7.00 314.00 321.00 NOTE
r-devel-windows-x86_64-gcc10-UCRT 0.0.12 NOTE
r-patched-linux-x86_64 0.0.12 3.01 228.61 231.62 NOTE
r-patched-solaris-x86 0.0.12 413.00 NOTE
r-release-linux-x86_64 0.0.12 3.33 226.05 229.38 NOTE
r-release-macos-arm64 0.0.12 NOTE
r-release-macos-x86_64 0.0.12 NOTE
r-release-windows-ix86+x86_64 0.0.12 6.00 307.00 313.00 NOTE
r-oldrel-macos-x86_64 0.0.12 NOTE
r-oldrel-windows-ix86+x86_64 0.0.12 6.00 308.00 314.00 NOTE

Check Details

Version: 0.0.12
Check: package dependencies
Result: NOTE
    Package suggested but not available for checking: 'MonetDBLite'
Flavors: r-devel-linux-x86_64-debian-clang, r-devel-linux-x86_64-debian-gcc, r-devel-linux-x86_64-fedora-clang, r-devel-linux-x86_64-fedora-gcc, r-devel-windows-x86_64, r-devel-windows-x86_64-gcc10-UCRT, r-patched-linux-x86_64, r-patched-solaris-x86, r-release-linux-x86_64, r-release-macos-arm64, r-release-macos-x86_64, r-release-windows-ix86+x86_64, r-oldrel-macos-x86_64, r-oldrel-windows-ix86+x86_64