CRAN Package Check Results for Package arm

Last updated on 2021-09-22 22:56:12 CEST.

Flavor Version Tinstall Tcheck Ttotal Status Flags
r-devel-linux-x86_64-debian-clang 1.11-2 15.84 136.14 151.98 OK
r-devel-linux-x86_64-debian-gcc 1.11-2 14.52 99.22 113.74 OK
r-devel-linux-x86_64-fedora-clang 1.11-2 190.54 NOTE
r-devel-linux-x86_64-fedora-gcc 1.11-2 176.28 OK
r-devel-windows-x86_64 1.11-2 23.00 124.00 147.00 OK
r-devel-windows-x86_64-gcc10-UCRT 1.11-2 ERROR
r-patched-linux-x86_64 1.11-2 16.24 127.66 143.90 OK
r-patched-solaris-x86 1.11-2 254.60 OK
r-release-linux-x86_64 1.11-2 17.10 127.29 144.39 OK
r-release-macos-arm64 1.11-2 OK
r-release-macos-x86_64 1.11-2 OK
r-release-windows-ix86+x86_64 1.11-2 39.00 163.00 202.00 OK
r-oldrel-macos-x86_64 1.11-2 OK
r-oldrel-windows-ix86+x86_64 1.11-2 25.00 117.00 142.00 OK

Check Details

Version: 1.11-2
Check: Rd cross-references
Result: NOTE
    Undeclared packages ‘survey’, ‘Matching’ in Rd xrefs
Flavor: r-devel-linux-x86_64-fedora-clang

Version: 1.11-2
Check: package dependencies
Result: ERROR
    Package required but not available: 'Hmisc'
    
    See section 'The DESCRIPTION file' in the 'Writing R Extensions'
    manual.
Flavor: r-devel-windows-x86_64-gcc10-UCRT