CRAN Package Check Results for Package armada

Last updated on 2020-02-17 22:49:24 CET.

Flavor Version Tinstall Tcheck Ttotal Status Flags
r-devel-linux-x86_64-debian-clang 0.1.0 8.44 110.99 119.43 OK
r-devel-linux-x86_64-debian-gcc 0.1.0 7.95 85.45 93.40 OK
r-devel-linux-x86_64-fedora-clang 0.1.0 141.78 NOTE
r-devel-linux-x86_64-fedora-gcc 0.1.0 138.94 NOTE
r-devel-windows-ix86+x86_64 0.1.0 22.00 117.00 139.00 OK
r-devel-windows-ix86+x86_64-gcc8 0.1.0 35.00 165.00 200.00 OK
r-patched-linux-x86_64 0.1.0 8.73 95.93 104.66 OK
r-patched-solaris-x86 0.1.0 196.40 NOTE
r-release-linux-x86_64 0.1.0 8.65 95.70 104.35 OK
r-release-windows-ix86+x86_64 0.1.0 19.00 109.00 128.00 OK
r-release-osx-x86_64 0.1.0 NOTE
r-oldrel-windows-ix86+x86_64 0.1.0 10.00 100.00 110.00 OK
r-oldrel-osx-x86_64 0.1.0 NOTE

Check Details

Version: 0.1.0
Check: dependencies in R code
Result: NOTE
    Namespace in Imports field not imported from: ‘mvtnorm’
     All declared Imports should be used.
Flavors: r-devel-linux-x86_64-fedora-clang, r-devel-linux-x86_64-fedora-gcc, r-patched-solaris-x86, r-release-osx-x86_64, r-oldrel-osx-x86_64