CRAN Package Check Results for Package armspp

Last updated on 2021-07-30 22:57:16 CEST.

Flavor Version Tinstall Tcheck Ttotal Status Flags
r-devel-linux-x86_64-debian-clang 0.0.2 NOTE
r-devel-linux-x86_64-debian-gcc 0.0.2 25.85 27.56 53.41 NOTE
r-devel-linux-x86_64-fedora-clang 0.0.2 109.64 NOTE
r-devel-linux-x86_64-fedora-gcc 0.0.2 90.68 NOTE
r-devel-windows-x86_64 0.0.2 36.00 64.00 100.00 NOTE
r-devel-windows-x86_64-gcc10-UCRT 0.0.2 NOTE
r-patched-linux-x86_64 0.0.2 NOTE
r-patched-solaris-x86 0.0.2 106.00 NOTE
r-release-linux-x86_64 0.0.2 28.60 34.13 62.73 NOTE
r-release-macos-arm64 0.0.2 NOTE
r-release-macos-x86_64 0.0.2 NOTE
r-release-windows-ix86+x86_64 0.0.2 89.00 82.00 171.00 NOTE
r-oldrel-macos-x86_64 0.0.2 OK
r-oldrel-windows-ix86+x86_64 0.0.2 66.00 87.00 153.00 OK

Check Details

Version: 0.0.2
Check: LazyData
Result: NOTE
     'LazyData' is specified without a 'data' directory
Flavors: r-devel-linux-x86_64-debian-clang, r-devel-linux-x86_64-debian-gcc, r-devel-linux-x86_64-fedora-clang, r-devel-linux-x86_64-fedora-gcc, r-devel-windows-x86_64, r-devel-windows-x86_64-gcc10-UCRT, r-patched-linux-x86_64, r-patched-solaris-x86, r-release-linux-x86_64, r-release-macos-arm64, r-release-macos-x86_64, r-release-windows-ix86+x86_64