CRAN Package Check Results for Package aroma.affymetrix

Last updated on 2021-07-29 22:55:50 CEST.

Flavor Version Tinstall Tcheck Ttotal Status Flags
r-devel-linux-x86_64-debian-clang 3.2.0 OK
r-devel-linux-x86_64-debian-gcc 3.2.0 44.36 223.37 267.73 OK
r-devel-linux-x86_64-fedora-clang 3.2.0 440.86 NOTE
r-devel-linux-x86_64-fedora-gcc 3.2.0 429.45 OK
r-devel-windows-x86_64 3.2.0 65.00 325.00 390.00 NOTE
r-devel-windows-x86_64-gcc10-UCRT 3.2.0 OK
r-patched-linux-x86_64 3.2.0 64.67 295.41 360.08 OK
r-patched-solaris-x86 3.2.0 505.10 NOTE
r-release-linux-x86_64 3.2.0 54.02 294.56 348.58 OK
r-release-macos-arm64 3.2.0 ERROR
r-release-macos-x86_64 3.2.0 NOTE
r-release-windows-ix86+x86_64 3.2.0 92.00 230.00 322.00 NOTE
r-oldrel-macos-x86_64 3.2.0 NOTE
r-oldrel-windows-ix86+x86_64 3.2.0 58.00 321.00 379.00 NOTE

Check Details

Version: 3.2.0
Check: installed package size
Result: NOTE
     installed size is 5.8Mb
     sub-directories of 1Mb or more:
     R 2.3Mb
     help 1.1Mb
     testScripts 1.3Mb
Flavors: r-devel-linux-x86_64-fedora-clang, r-devel-windows-x86_64, r-patched-solaris-x86, r-release-macos-x86_64, r-release-windows-ix86+x86_64, r-oldrel-macos-x86_64, r-oldrel-windows-ix86+x86_64

Version: 3.2.0
Check: package dependencies
Result: ERROR
    Package required but not available: ‘aroma.core’
    
    Packages suggested but not available for checking:
     'affxparser', 'affyPLM', 'aroma.light', 'gcrma', 'oligo',
     'oligoClasses', 'pdInfoBuilder', 'AffymetrixDataTestFiles'
    
    See section ‘The DESCRIPTION file’ in the ‘Writing R Extensions’
    manual.
Flavor: r-release-macos-arm64

Version: 3.2.0
Check: package dependencies
Result: NOTE
    Packages suggested but not available for checking:
     'pdInfoBuilder', 'AffymetrixDataTestFiles'
Flavors: r-release-macos-x86_64, r-oldrel-macos-x86_64