CRAN Package Check Results for Package aroma.cn

Last updated on 2020-02-21 22:51:00 CET.

Flavor Version Tinstall Tcheck Ttotal Status Flags
r-devel-linux-x86_64-debian-clang 1.6.1 12.74 78.79 91.53 OK
r-devel-linux-x86_64-debian-gcc 1.6.1 11.85 60.89 72.74 OK
r-devel-linux-x86_64-fedora-clang 1.6.1 110.62 OK
r-devel-linux-x86_64-fedora-gcc 1.6.1 114.04 OK
r-devel-windows-ix86+x86_64 1.6.1 25.00 84.00 109.00 OK
r-devel-windows-ix86+x86_64-gcc8 1.6.1 32.00 120.00 152.00 OK
r-patched-linux-x86_64 1.6.1 OK
r-patched-solaris-x86 1.6.1 124.60 OK
r-release-linux-x86_64 1.6.1 11.83 70.90 82.73 OK
r-release-windows-ix86+x86_64 1.6.1 21.00 86.00 107.00 OK
r-release-osx-x86_64 1.6.1 NOTE
r-oldrel-windows-ix86+x86_64 1.6.1 18.00 84.00 102.00 OK
r-oldrel-osx-x86_64 1.6.1 NOTE

Check Details

Version: 1.6.1
Check: package dependencies
Result: NOTE
    Package suggested but not available for checking: ‘GLAD’
Flavors: r-release-osx-x86_64, r-oldrel-osx-x86_64