CRAN Package Check Results for Package aroma.cn

Last updated on 2021-09-25 22:53:58 CEST.

Flavor Version Tinstall Tcheck Ttotal Status Flags
r-devel-linux-x86_64-debian-clang 1.6.1 11.40 85.94 97.34 OK
r-devel-linux-x86_64-debian-gcc 1.6.1 11.52 64.21 75.73 OK
r-devel-linux-x86_64-fedora-clang 1.6.1 124.04 OK
r-devel-linux-x86_64-fedora-gcc 1.6.1 115.07 OK
r-devel-windows-x86_64 1.6.1 17.00 75.00 92.00 OK
r-devel-windows-x86_64-gcc10-UCRT 1.6.1 OK
r-patched-linux-x86_64 1.6.1 12.49 83.06 95.55 OK
r-patched-solaris-x86 1.6.1 147.70 OK
r-release-linux-x86_64 1.6.1 10.17 82.79 92.96 OK
r-release-macos-arm64 1.6.1 NOTE
r-release-macos-x86_64 1.6.1 NOTE
r-release-windows-ix86+x86_64 1.6.1 24.00 104.00 128.00 OK
r-oldrel-macos-x86_64 1.6.1 NOTE
r-oldrel-windows-ix86+x86_64 1.6.1 19.00 77.00 96.00 OK

Check Details

Version: 1.6.1
Check: package dependencies
Result: NOTE
    Package suggested but not available for checking: ‘GLAD’
Flavors: r-release-macos-arm64, r-release-macos-x86_64, r-oldrel-macos-x86_64