Last updated on 2024-04-25 22:49:00 CEST.
Flavor | Version | Tinstall | Tcheck | Ttotal | Status | Flags |
---|---|---|---|---|---|---|
r-devel-linux-x86_64-debian-clang | 15.0.1 | 4204.49 | 309.21 | 4513.70 | NOTE | |
r-devel-linux-x86_64-debian-gcc | 15.0.1 | 3744.46 | 215.08 | 3959.54 | NOTE | |
r-devel-linux-x86_64-fedora-clang | 15.0.1 | 6238.87 | NOTE | |||
r-devel-linux-x86_64-fedora-gcc | 15.0.1 | 5965.14 | NOTE | |||
r-devel-windows-x86_64 | 15.0.1 | 437.00 | 668.00 | 1105.00 | NOTE | |
r-patched-linux-x86_64 | 15.0.1 | 4516.91 | 291.32 | 4808.23 | OK | |
r-release-linux-x86_64 | 15.0.1 | 4505.72 | 292.67 | 4798.39 | OK | |
r-release-macos-arm64 | 15.0.1 | 547.00 | ERROR | |||
r-release-macos-x86_64 | 15.0.1 | 214.00 | ERROR | |||
r-release-windows-x86_64 | 15.0.1 | 460.00 | 585.00 | 1045.00 | NOTE | |
r-oldrel-macos-arm64 | 15.0.1 | 840.00 | NOTE | |||
r-oldrel-macos-x86_64 | 15.0.1 | 1382.00 | NOTE | |||
r-oldrel-windows-x86_64 | 15.0.1 | 529.00 | 744.00 | 1273.00 | NOTE |
Version: 15.0.1
Check: compiled code
Result: NOTE
File ‘arrow/libs/arrow.so’:
Found non-API calls to R: ‘SETLENGTH’, ‘SET_TRUELENGTH’
Compiled code should not call non-API entry points in R.
See ‘Writing portable packages’ in the ‘Writing R Extensions’ manual.
Flavors: r-devel-linux-x86_64-debian-clang, r-devel-linux-x86_64-debian-gcc, r-devel-linux-x86_64-fedora-clang, r-devel-linux-x86_64-fedora-gcc
Version: 15.0.1
Check: installed package size
Result: NOTE
installed size is 48.3Mb
sub-directories of 1Mb or more:
R 4.3Mb
libs 43.4Mb
Flavors: r-devel-linux-x86_64-fedora-clang, r-devel-windows-x86_64, r-release-windows-x86_64, r-oldrel-macos-arm64, r-oldrel-macos-x86_64, r-oldrel-windows-x86_64
Version: 15.0.1
Check: Rd cross-references
Result: NOTE
Undeclared package ‘readr’ in Rd xrefs
Flavor: r-devel-linux-x86_64-fedora-clang
Version: 15.0.1
Check: whether package can be installed
Result: ERROR
Installation failed.
Flavors: r-release-macos-arm64, r-release-macos-x86_64