Last updated on 2024-03-28 23:01:38 CET.
Flavor | Version | Tinstall | Tcheck | Ttotal | Status | Flags |
---|---|---|---|---|---|---|
r-devel-linux-x86_64-debian-clang | 1.2.5 | 10.95 | 131.74 | 142.69 | OK | |
r-devel-linux-x86_64-debian-gcc | 1.2.5 | 9.23 | 97.87 | 107.10 | OK | |
r-devel-linux-x86_64-fedora-clang | 1.2.5 | 174.18 | OK | |||
r-devel-linux-x86_64-fedora-gcc | 1.2.5 | 184.71 | OK | |||
r-devel-windows-x86_64 | 1.2.5 | 12.00 | 112.00 | 124.00 | OK | |
r-patched-linux-x86_64 | 1.2.5 | 15.05 | 126.74 | 141.79 | OK | |
r-release-linux-x86_64 | 1.2.5 | 11.58 | 129.48 | 141.06 | OK | |
r-release-macos-arm64 | 1.2.5 | 66.00 | OK | |||
r-release-macos-x86_64 | 1.2.5 | 101.00 | NOTE | |||
r-release-windows-x86_64 | 1.2.5 | 16.00 | 139.00 | 155.00 | OK | |
r-oldrel-macos-arm64 | 1.2.5 | 72.00 | OK | |||
r-oldrel-windows-x86_64 | 1.2.5 | 15.00 | 136.00 | 151.00 | OK |
Version: 1.2.5
Check: package dependencies
Result: NOTE
Packages suggested but not available for checking: 'rJava', 'RWeka'
Flavor: r-release-macos-x86_64
Version: 1.2.5
Check: Rd cross-references
Result: NOTE
Package unavailable to check Rd xrefs: ‘RWeka’
Flavor: r-release-macos-x86_64