Last updated on 2022-07-03 22:50:28 CEST.
Flavor | Version | Tinstall | Tcheck | Ttotal | Status | Flags |
---|---|---|---|---|---|---|
r-devel-linux-x86_64-debian-clang | 1.5-1 | 15.70 | 180.22 | 195.92 | OK | |
r-devel-linux-x86_64-debian-gcc | 1.5-1 | 14.86 | 132.14 | 147.00 | OK | |
r-devel-linux-x86_64-fedora-clang | 1.5-1 | 255.51 | OK | |||
r-devel-linux-x86_64-fedora-gcc | 1.5-1 | 242.48 | OK | |||
r-devel-windows-x86_64 | 1.5-1 | 50.00 | 212.00 | 262.00 | OK | |
r-patched-linux-x86_64 | 1.5-1 | 20.65 | 169.65 | 190.30 | OK | |
r-release-linux-x86_64 | 1.5-1 | 11.58 | 168.02 | 179.60 | OK | |
r-release-macos-arm64 | 1.5-1 | 64.00 | NOTE | |||
r-release-macos-x86_64 | 1.5-1 | 117.00 | OK | |||
r-release-windows-x86_64 | 1.5-1 | 44.00 | 210.00 | 254.00 | OK | |
r-oldrel-macos-arm64 | 1.5-1 | 99.00 | OK | |||
r-oldrel-macos-x86_64 | 1.5-1 | 91.00 | OK | |||
r-oldrel-windows-ix86+x86_64 | 1.5-1 | 40.00 | 193.00 | 233.00 | OK |
Version: 1.5-1
Check: package dependencies
Result: NOTE
Packages suggested but not available for checking: 'graph', 'Rgraphviz'
Flavor: r-release-macos-arm64