CRAN Package Check Results for Package asbio

Last updated on 2020-02-24 22:50:17 CET.

Flavor Version Tinstall Tcheck Ttotal Status Flags
r-devel-linux-x86_64-debian-clang 1.6-1 50.99 218.05 269.04 ERROR
r-devel-linux-x86_64-debian-gcc 1.6-1 37.07 165.44 202.51 OK
r-devel-linux-x86_64-fedora-clang 1.6-1 320.26 OK
r-devel-linux-x86_64-fedora-gcc 1.6-1 338.14 OK
r-devel-windows-ix86+x86_64 1.6-1 41.00 209.00 250.00 OK
r-devel-windows-ix86+x86_64-gcc8 1.6-1 65.00 332.00 397.00 OK
r-patched-linux-x86_64 1.6-1 44.36 197.98 242.34 OK
r-patched-solaris-x86 1.6-1 381.50 OK
r-release-linux-x86_64 1.6-1 43.06 200.20 243.26 OK
r-release-windows-ix86+x86_64 1.6-1 56.00 186.00 242.00 OK
r-release-osx-x86_64 1.6-1 WARN
r-oldrel-windows-ix86+x86_64 1.6-1 59.00 149.00 208.00 OK
r-oldrel-osx-x86_64 1.6-1 WARN

Check Details

Version: 1.6-1
Check: examples
Result: ERROR
    Running examples in 'asbio-Ex.R' failed
    The error most likely occurred in:
    
    > base::assign(".ptime", proc.time(), pos = "CheckExEnv")
    > ### Name: auc
    > ### Title: Area under a receiver operating characteristic (ROC) curve
    > ### Aliases: auc
    >
    > ### ** Examples
    >
    > obs <-rbinom(30, 1, 0.5)
    > fit <- rbeta(30, 1, 2)
    >
    > auc(obs, fit)
    Error in cf1[i] <- as.numeric(levels(cf[[1]][seq1[i]])[cf[[1]][seq1[i]]]) :
     replacement has length zero
    Calls: auc
    Execution halted
Flavor: r-devel-linux-x86_64-debian-clang

Version: 1.6-1
Check: dependencies in R code
Result: NOTE
    No protocol specified
    No protocol specified
Flavors: r-release-osx-x86_64, r-oldrel-osx-x86_64

Version: 1.6-1
Check: S3 generic/method consistency
Result: WARN
    No protocol specified
    No protocol specified
    See section ‘Generic functions and methods’ in the ‘Writing R
    Extensions’ manual.
Flavors: r-release-osx-x86_64, r-oldrel-osx-x86_64

Version: 1.6-1
Check: replacement functions
Result: WARN
    No protocol specified
    No protocol specified
    The argument of a replacement function which corresponds to the right
    hand side must be named ‘value’.
Flavors: r-release-osx-x86_64, r-oldrel-osx-x86_64

Version: 1.6-1
Check: foreign function calls
Result: NOTE
    No protocol specified
    No protocol specified
    See chapter ‘System and foreign language interfaces’ in the ‘Writing R
    Extensions’ manual.
Flavors: r-release-osx-x86_64, r-oldrel-osx-x86_64

Version: 1.6-1
Check: R code for possible problems
Result: NOTE
    No protocol specified
    No protocol specified
Flavors: r-release-osx-x86_64, r-oldrel-osx-x86_64

Version: 1.6-1
Check: for missing documentation entries
Result: WARN
    No protocol specified
    No protocol specified
    All user-level objects in a package should have documentation entries.
    See chapter ‘Writing R documentation files’ in the ‘Writing R
    Extensions’ manual.
Flavors: r-release-osx-x86_64, r-oldrel-osx-x86_64

Version: 1.6-1
Check: for code/documentation mismatches
Result: WARN
    No protocol specified
    No protocol specified
    No protocol specified
    No protocol specified
    No protocol specified
    No protocol specified
Flavors: r-release-osx-x86_64, r-oldrel-osx-x86_64

Version: 1.6-1
Check: Rd \usage sections
Result: NOTE
    No protocol specified
    No protocol specified
    The \usage entries for S3 methods should use the \method markup and not
    their full name.
    See chapter ‘Writing R documentation files’ in the ‘Writing R
    Extensions’ manual.
Flavors: r-release-osx-x86_64, r-oldrel-osx-x86_64