Last updated on 2024-03-28 23:01:38 CET.
Flavor | Version | Tinstall | Tcheck | Ttotal | Status | Flags |
---|---|---|---|---|---|---|
r-devel-linux-x86_64-debian-clang | 1.0-15 | 2.77 | 21.09 | 23.86 | OK | |
r-devel-linux-x86_64-debian-gcc | 1.0-15 | 2.07 | 16.49 | 18.56 | OK | |
r-devel-linux-x86_64-fedora-clang | 1.0-15 | 30.83 | NOTE | |||
r-devel-linux-x86_64-fedora-gcc | 1.0-15 | 29.83 | NOTE | |||
r-devel-windows-x86_64 | 1.0-15 | 7.00 | 34.00 | 41.00 | OK | |
r-patched-linux-x86_64 | 1.0-15 | 2.98 | 20.39 | 23.37 | OK | |
r-release-linux-x86_64 | 1.0-15 | 2.48 | 20.19 | 22.67 | OK | |
r-release-macos-arm64 | 1.0-15 | 19.00 | OK | |||
r-release-macos-x86_64 | 1.0-15 | 19.00 | OK | |||
r-release-windows-x86_64 | 1.0-15 | 7.00 | 37.00 | 44.00 | OK | |
r-oldrel-macos-arm64 | 1.0-15 | 15.00 | OK | |||
r-oldrel-windows-x86_64 | 1.0-15 | 7.00 | 43.00 | 50.00 | OK |
Version: 1.0-15
Check: compiled code
Result: NOTE
File ‘ash/libs/ash.so’:
Found no calls to: ‘R_registerRoutines’, ‘R_useDynamicSymbols’
It is good practice to register native routines and to disable symbol
search.
See ‘Writing portable packages’ in the ‘Writing R Extensions’ manual.
Flavors: r-devel-linux-x86_64-fedora-clang, r-devel-linux-x86_64-fedora-gcc