Last updated on 2023-10-02 22:07:53 CEST.
Flavor | Version | Tinstall | Tcheck | Ttotal | Status | Flags |
---|---|---|---|---|---|---|
r-devel-linux-x86_64-debian-clang | 4.4.13 | 36.62 | 302.99 | 339.61 | NOTE | |
r-devel-linux-x86_64-debian-gcc | 4.4.13 | 27.55 | 221.60 | 249.15 | NOTE | |
r-devel-linux-x86_64-fedora-clang | 4.4.15 | 435.38 | NOTE | |||
r-devel-linux-x86_64-fedora-gcc | 4.4.15 | 444.84 | NOTE | |||
r-devel-windows-x86_64 | 4.4.13 | 30.00 | 234.00 | 264.00 | NOTE | |
r-patched-linux-x86_64 | 4.4.13 | 40.52 | 290.52 | 331.04 | NOTE | |
r-release-linux-x86_64 | 4.4.13 | 32.70 | 295.83 | 328.53 | NOTE | |
r-release-macos-arm64 | 4.4.13 | 105.00 | NOTE | |||
r-release-macos-x86_64 | 4.4.15 | 109.00 | NOTE | |||
r-release-windows-x86_64 | 4.4.13 | 58.00 | 311.00 | 369.00 | NOTE | |
r-oldrel-macos-arm64 | 4.4.13 | 92.00 | NOTE | |||
r-oldrel-macos-x86_64 | 4.4.13 | 131.00 | NOTE | |||
r-oldrel-windows-x86_64 | 4.4.13 | 43.00 | 302.00 | 345.00 | NOTE |
Version: 4.4.13
Check: package dependencies
Result: NOTE
Package which this enhances but not available for checking: ‘asreml’
Flavors: r-devel-linux-x86_64-debian-clang, r-devel-linux-x86_64-debian-gcc, r-devel-windows-x86_64, r-patched-linux-x86_64, r-release-linux-x86_64, r-release-macos-arm64, r-release-windows-x86_64, r-oldrel-macos-arm64, r-oldrel-macos-x86_64, r-oldrel-windows-x86_64
Version: 4.4.15
Check: package dependencies
Result: NOTE
Package which this enhances but not available for checking: ‘asreml’
Flavors: r-devel-linux-x86_64-fedora-clang, r-devel-linux-x86_64-fedora-gcc, r-release-macos-x86_64