Last updated on 2024-04-18 22:52:32 CEST.
Flavor | Version | Tinstall | Tcheck | Ttotal | Status | Flags |
---|---|---|---|---|---|---|
r-devel-linux-x86_64-debian-clang | 4.4.32 | 30.95 | 278.89 | 309.84 | NOTE | |
r-devel-linux-x86_64-debian-gcc | 4.4.32 | 25.28 | 197.07 | 222.35 | NOTE | |
r-devel-linux-x86_64-fedora-clang | 4.4.32 | 401.91 | NOTE | |||
r-devel-linux-x86_64-fedora-gcc | 4.4.32 | 390.90 | NOTE | |||
r-prerel-macos-arm64 | 4.4.32 | 69.00 | NOTE | |||
r-prerel-macos-x86_64 | 4.4.32 | 137.00 | NOTE | |||
r-prerel-windows-x86_64 | 4.4.32 | 29.00 | 229.00 | 258.00 | NOTE | |
r-patched-linux-x86_64 | 4.4.32 | 41.06 | 266.04 | 307.10 | NOTE | |
r-release-linux-x86_64 | 4.4.32 | 30.28 | 308.37 | 338.65 | NOTE | |
r-release-macos-arm64 | 4.4.32 | 79.00 | NOTE | |||
r-release-macos-x86_64 | 4.4.32 | 141.00 | NOTE | |||
r-release-windows-x86_64 | 4.4.32 | 35.00 | 300.00 | 335.00 | NOTE | |
r-oldrel-macos-arm64 | 4.4.32 | 74.00 | NOTE | |||
r-oldrel-windows-x86_64 | 4.4.32 | 36.00 | 279.00 | 315.00 | NOTE |
Version: 4.4.32
Check: package dependencies
Result: NOTE
Package which this enhances but not available for checking: ‘asreml’
Flavors: r-devel-linux-x86_64-debian-clang, r-devel-linux-x86_64-debian-gcc, r-devel-linux-x86_64-fedora-clang, r-devel-linux-x86_64-fedora-gcc, r-prerel-macos-arm64, r-prerel-macos-x86_64, r-prerel-windows-x86_64, r-patched-linux-x86_64, r-release-linux-x86_64, r-release-macos-arm64, r-release-macos-x86_64, r-release-windows-x86_64, r-oldrel-macos-arm64, r-oldrel-windows-x86_64