CRAN Package Check Results for Package assertive.base

Last updated on 2021-10-17 22:48:27 CEST.

Flavor Version Tinstall Tcheck Ttotal Status Flags
r-devel-linux-x86_64-debian-clang 0.0-9 3.05 27.96 31.01 NOTE
r-devel-linux-x86_64-debian-gcc 0.0-9 2.07 22.18 24.25 NOTE
r-devel-linux-x86_64-fedora-clang 0.0-9 48.13 NOTE
r-devel-linux-x86_64-fedora-gcc 0.0-9 38.79 NOTE
r-devel-windows-x86_64 0.0-9 4.00 47.00 51.00 NOTE
r-devel-windows-x86_64-gcc10-UCRT 0.0-9 NOTE
r-patched-linux-x86_64 0.0-9 3.03 27.42 30.45 NOTE
r-patched-solaris-x86 0.0-9 59.10 NOTE
r-release-linux-x86_64 0.0-9 2.42 27.11 29.53 NOTE
r-release-macos-arm64 0.0-9 NOTE
r-release-macos-x86_64 0.0-9 NOTE
r-release-windows-ix86+x86_64 0.0-9 5.00 50.00 55.00 NOTE
r-oldrel-macos-x86_64 0.0-9 OK
r-oldrel-windows-ix86+x86_64 0.0-9 6.00 46.00 52.00 OK

Check Details

Version: 0.0-9
Check: LazyData
Result: NOTE
     'LazyData' is specified without a 'data' directory
Flavors: r-devel-linux-x86_64-debian-clang, r-devel-linux-x86_64-debian-gcc, r-devel-linux-x86_64-fedora-clang, r-devel-linux-x86_64-fedora-gcc, r-devel-windows-x86_64, r-devel-windows-x86_64-gcc10-UCRT, r-patched-linux-x86_64, r-patched-solaris-x86, r-release-linux-x86_64, r-release-macos-arm64, r-release-macos-x86_64, r-release-windows-ix86+x86_64

Version: 0.0-9
Check: Rd cross-references
Result: NOTE
    Undeclared packages ‘assertive.properties’, ‘assertive.types’ in Rd xrefs
Flavor: r-devel-linux-x86_64-fedora-clang