Last updated on 2023-09-23 23:00:40 CEST.
Flavor | Version | Tinstall | Tcheck | Ttotal | Status | Flags |
---|---|---|---|---|---|---|
r-devel-linux-x86_64-debian-clang | 0.0-2 | 1.66 | 28.65 | 30.31 | NOTE | |
r-devel-linux-x86_64-debian-gcc | 0.0-2 | 1.92 | 23.04 | 24.96 | NOTE | |
r-devel-linux-x86_64-fedora-clang | 0.0-2 | 38.61 | NOTE | |||
r-devel-linux-x86_64-fedora-gcc | 0.0-2 | 38.25 | NOTE | |||
r-devel-windows-x86_64 | 0.0-2 | 3.00 | 45.00 | 48.00 | NOTE | |
r-patched-linux-x86_64 | 0.0-2 | 2.84 | 27.71 | 30.55 | NOTE | |
r-release-linux-x86_64 | 0.0-2 | 1.72 | 27.71 | 29.43 | NOTE | |
r-release-macos-arm64 | 0.0-2 | 20.00 | NOTE | |||
r-release-macos-x86_64 | 0.0-2 | 23.00 | NOTE | |||
r-release-windows-x86_64 | 0.0-2 | 3.00 | 45.00 | 48.00 | NOTE | |
r-oldrel-macos-arm64 | 0.0-2 | 18.00 | NOTE | |||
r-oldrel-macos-x86_64 | 0.0-2 | 22.00 | NOTE | |||
r-oldrel-windows-x86_64 | 0.0-2 | 4.00 | 45.00 | 49.00 | NOTE |
Version: 0.0-2
Check: LazyData
Result: NOTE
'LazyData' is specified without a 'data' directory
Flavors: r-devel-linux-x86_64-debian-clang, r-devel-linux-x86_64-debian-gcc, r-devel-linux-x86_64-fedora-clang, r-devel-linux-x86_64-fedora-gcc, r-devel-windows-x86_64, r-patched-linux-x86_64, r-release-linux-x86_64, r-release-macos-arm64, r-release-macos-x86_64, r-release-windows-x86_64, r-oldrel-macos-arm64, r-oldrel-macos-x86_64, r-oldrel-windows-x86_64