CRAN Package Check Results for Package asteRisk

Last updated on 2024-02-25 23:02:00 CET.

Flavor Version Tinstall Tcheck Ttotal Status Flags
r-devel-linux-x86_64-debian-clang 1.4.3 47.97 121.02 168.99 NOTE
r-devel-linux-x86_64-debian-gcc 1.4.3 38.40 91.16 129.56 NOTE
r-devel-linux-x86_64-fedora-clang 1.4.3 250.43 NOTE
r-devel-linux-x86_64-fedora-gcc 1.4.3 241.62 NOTE
r-devel-windows-x86_64 1.4.3 42.00 115.00 157.00 NOTE
r-patched-linux-x86_64 1.4.3 48.55 120.48 169.03 NOTE
r-release-linux-x86_64 1.4.3 44.84 122.16 167.00 NOTE
r-release-macos-arm64 1.4.3 64.00 NOTE
r-release-macos-x86_64 1.4.3 102.00 NOTE
r-release-windows-x86_64 1.4.3 56.00 145.00 201.00 NOTE
r-oldrel-macos-arm64 1.4.3 58.00 NOTE
r-oldrel-windows-x86_64 1.4.3 52.00 150.00 202.00 NOTE

Check Details

Version: 1.4.3
Check: package dependencies
Result: NOTE Package suggested but not available for checking: ‘asteRiskData’ Flavors: r-devel-linux-x86_64-debian-clang, r-devel-linux-x86_64-debian-gcc, r-devel-linux-x86_64-fedora-clang, r-devel-linux-x86_64-fedora-gcc, r-devel-windows-x86_64, r-patched-linux-x86_64, r-release-linux-x86_64, r-release-macos-arm64, r-release-macos-x86_64, r-release-windows-x86_64, r-oldrel-macos-arm64, r-oldrel-windows-x86_64

Version: 1.4.3
Check: C++ specification
Result: NOTE Specified C++11: please drop specification unless essential Flavors: r-devel-linux-x86_64-debian-clang, r-devel-linux-x86_64-debian-gcc, r-devel-linux-x86_64-fedora-clang, r-devel-linux-x86_64-fedora-gcc, r-devel-windows-x86_64, r-patched-linux-x86_64, r-release-linux-x86_64, r-release-macos-arm64, r-release-macos-x86_64, r-release-windows-x86_64

Version: 1.4.3
Check: Rd files
Result: NOTE checkRd: (-1) readOEM.Rd:34: Lost braces 34 | always, the identifier has the format YYYY-NNNP{PP}, where YYYY is the year | ^ checkRd: (-1) readOEM.Rd:36: Lost braces 36 | during year YYYY and P{PP} is a part specifier comprising 1 to 3 capital letters | ^ checkRd: (-1) readOEM.Rd:74-75: Lost braces in \itemize; \value handles \item{}{} directly checkRd: (-1) readOEM.Rd:76-79: Lost braces in \itemize; \value handles \item{}{} directly checkRd: (-1) readOEM.Rd:80-86: Lost braces in \itemize; \value handles \item{}{} directly Flavors: r-devel-linux-x86_64-debian-clang, r-devel-linux-x86_64-debian-gcc, r-devel-linux-x86_64-fedora-clang, r-devel-linux-x86_64-fedora-gcc

Version: 1.4.3
Check: for GNU extensions in Makefiles
Result: NOTE GNU make is a SystemRequirements. Flavors: r-devel-linux-x86_64-debian-clang, r-devel-linux-x86_64-debian-gcc, r-devel-linux-x86_64-fedora-clang, r-devel-linux-x86_64-fedora-gcc, r-devel-windows-x86_64, r-patched-linux-x86_64, r-release-linux-x86_64, r-release-macos-arm64, r-release-macos-x86_64, r-release-windows-x86_64, r-oldrel-macos-arm64, r-oldrel-windows-x86_64

Version: 1.4.3
Check: installed package size
Result: NOTE installed size is 5.2Mb sub-directories of 1Mb or more: doc 2.6Mb libs 1.1Mb Flavors: r-devel-windows-x86_64, r-release-macos-arm64, r-release-macos-x86_64, r-release-windows-x86_64, r-oldrel-macos-arm64, r-oldrel-windows-x86_64