CRAN Package Check Results for Package async

Last updated on 2024-02-29 22:58:38 CET.

Flavor Version Tinstall Tcheck Ttotal Status Flags
r-devel-linux-x86_64-debian-clang 0.3.2 7.11 241.59 248.70 NOTE
r-devel-linux-x86_64-debian-gcc 0.3.2 6.37 178.30 184.67 NOTE
r-devel-linux-x86_64-fedora-clang 0.3.2 288.89 NOTE
r-devel-linux-x86_64-fedora-gcc 0.3.2 294.93 NOTE
r-devel-windows-x86_64 0.3.2 8.00 152.00 160.00 OK
r-patched-linux-x86_64 0.3.2 17.08 230.40 247.48 OK
r-release-linux-x86_64 0.3.2 6.81 233.81 240.62 OK
r-release-macos-arm64 0.3.2 95.00 OK
r-release-macos-x86_64 0.3.2 153.00 OK
r-release-windows-x86_64 0.3.2 10.00 186.00 196.00 OK
r-oldrel-macos-arm64 0.3.2 86.00 OK
r-oldrel-windows-x86_64 0.3.2 11.00 190.00 201.00 OK

Check Details

Version: 0.3.2
Check: Rd files
Result: NOTE checkRd: (-1) gen.Rd:36: Lost braces; missing escapes or markup? 36 | `gen({...}) returns an \link{iteror}. | ^ Flavors: r-devel-linux-x86_64-debian-clang, r-devel-linux-x86_64-debian-gcc, r-devel-linux-x86_64-fedora-clang, r-devel-linux-x86_64-fedora-gcc

Version: 0.3.2
Check: Rd cross-references
Result: NOTE Undeclared package ‘iterators’ in Rd xrefs Flavor: r-devel-linux-x86_64-fedora-clang