CRAN Package Check Results for Package attrib

Last updated on 2021-08-04 22:55:03 CEST.

Flavor Version Tinstall Tcheck Ttotal Status Flags
r-devel-linux-x86_64-debian-clang 2021.1.2 3.37 208.18 211.55 OK
r-devel-linux-x86_64-debian-gcc 2021.1.2 2.88 168.22 171.10 OK
r-devel-linux-x86_64-fedora-clang 2021.1.2 280.10 NOTE
r-devel-linux-x86_64-fedora-gcc 2021.1.2 243.29 NOTE
r-devel-windows-x86_64 2021.1.2 14.00 236.00 250.00 OK
r-devel-windows-x86_64-gcc10-UCRT 2021.1.2 NOTE
r-patched-linux-x86_64 2021.1.2 3.44 197.00 200.44 OK
r-patched-solaris-x86 2021.1.2 554.80 NOTE
r-release-linux-x86_64 2021.1.2 3.26 221.71 224.97 OK
r-release-macos-arm64 2021.1.2 WARN
r-release-macos-x86_64 2021.1.2 NOTE
r-release-windows-ix86+x86_64 2021.1.2 8.00 238.00 246.00 OK
r-oldrel-macos-x86_64 2021.1.2 NOTE
r-oldrel-windows-ix86+x86_64 2021.1.2 9.00 240.00 249.00 OK

Check Details

Version: 2021.1.2
Check: dependencies in R code
Result: NOTE
    Namespaces in Imports field not imported from:
     ‘dlnm’ ‘ggplot2’ ‘lubridate’ ‘mvmeta’ ‘pbs’ ‘tsModel’
     All declared Imports should be used.
Flavors: r-devel-linux-x86_64-fedora-clang, r-devel-linux-x86_64-fedora-gcc, r-devel-windows-x86_64-gcc10-UCRT, r-patched-solaris-x86, r-release-macos-arm64, r-release-macos-x86_64, r-oldrel-macos-x86_64

Version: 2021.1.2
Check: re-building of vignette outputs
Result: WARN
    Error(s) in re-building vignettes:
     ...
    --- re-building ‘intro.Rmd’ using rmarkdown
    Warning in engine$weave(file, quiet = quiet, encoding = enc) :
     Pandoc (>= 1.12.3) not available. Falling back to R Markdown v1.
    boundary (singular) fit: see ?isSingular
    fixed-effect model matrix is rank deficient so dropping 1 column / coefficient
    boundary (singular) fit: see ?isSingular
    Quitting from lines 344-353 (intro.Rmd)
    Error: processing vignette 'intro.Rmd' failed with diagnostics:
    polygon edge not found
    --- failed re-building ‘intro.Rmd’
    
    SUMMARY: processing the following file failed:
     ‘intro.Rmd’
    
    Error: Vignette re-building failed.
    Execution halted
Flavor: r-release-macos-arm64