CRAN Package Check Results for Package audio

Last updated on 2021-12-07 22:59:23 CET.

Flavor Version Tinstall Tcheck Ttotal Status Flags
r-devel-linux-x86_64-debian-clang 0.1-10 6.29 31.81 38.10 NOTE
r-devel-linux-x86_64-debian-gcc 0.1-10 3.97 25.01 28.98 NOTE
r-devel-linux-x86_64-fedora-clang 0.1-10 47.14 OK
r-devel-linux-x86_64-fedora-gcc 0.1-10 35.53 OK
r-devel-windows-x86_64-new-UL 0.1-10 21.00 54.00 75.00 OK
r-devel-windows-x86_64-new-TK 0.1-10 OK
r-devel-windows-x86_64-old 0.1-10 11.00 35.00 46.00 OK
r-patched-linux-x86_64 0.1-10 4.62 30.58 35.20 NOTE
r-release-linux-x86_64 0.1-10 4.47 30.71 35.18 NOTE
r-release-macos-arm64 0.1-10 OK
r-release-macos-x86_64 0.1-10 OK
r-release-windows-ix86+x86_64 0.1-10 17.00 36.00 53.00 OK
r-oldrel-macos-x86_64 0.1-10 OK
r-oldrel-windows-ix86+x86_64 0.1-10 13.00 32.00 45.00 OK

Additional issues

M1mac M1mac

Check Details

Version: 0.1-10
Check: compiled code
Result: NOTE
    File 'audio/libs/audio.so':
     Found non-API call to R: 'R_checkActivity'
    
    Compiled code should not call non-API entry points in R.
    
    See 'Writing portable packages' in the 'Writing R Extensions' manual.
Flavors: r-devel-linux-x86_64-debian-clang, r-devel-linux-x86_64-debian-gcc, r-patched-linux-x86_64, r-release-linux-x86_64