CRAN Package Check Results for Package aurelius

Last updated on 2021-05-14 23:50:37 CEST.

Flavor Version Tinstall Tcheck Ttotal Status Flags
r-devel-linux-x86_64-debian-clang 0.8.4 10.47 105.72 116.19 NOTE
r-devel-linux-x86_64-debian-gcc 0.8.4 8.91 80.74 89.65 NOTE
r-devel-linux-x86_64-fedora-clang 0.8.4 150.31 NOTE
r-devel-linux-x86_64-fedora-gcc 0.8.4 145.04 NOTE
r-devel-windows-ix86+x86_64 0.8.4 23.00 142.00 165.00 NOTE
r-devel-windows-x86_64-gcc10-UCRT 0.8.4 NOTE
r-patched-linux-x86_64 0.8.4 13.46 105.83 119.29 NOTE
r-patched-solaris-x86 0.8.4 204.40 NOTE
r-release-linux-x86_64 0.8.4 12.15 100.76 112.91 NOTE
r-release-macos-x86_64 0.8.4 NOTE
r-release-windows-ix86+x86_64 0.8.4 18.00 127.00 145.00 NOTE
r-oldrel-macos-x86_64 0.8.4 OK
r-oldrel-windows-ix86+x86_64 0.8.4 14.00 143.00 157.00 NOTE

Check Details

Version: 0.8.4
Check: package dependencies
Result: NOTE
    Package which this enhances but not available for checking: 'rPython'
Flavors: r-devel-linux-x86_64-debian-clang, r-devel-linux-x86_64-debian-gcc, r-devel-linux-x86_64-fedora-clang, r-devel-linux-x86_64-fedora-gcc, r-devel-windows-ix86+x86_64, r-devel-windows-x86_64-gcc10-UCRT, r-patched-linux-x86_64, r-patched-solaris-x86, r-release-linux-x86_64, r-release-macos-x86_64, r-release-windows-ix86+x86_64, r-oldrel-windows-ix86+x86_64

Version: 0.8.4
Check: LazyData
Result: NOTE
     'LazyData' is specified without a 'data' directory
Flavors: r-devel-linux-x86_64-debian-clang, r-devel-linux-x86_64-debian-gcc, r-devel-linux-x86_64-fedora-clang, r-devel-linux-x86_64-fedora-gcc, r-devel-windows-ix86+x86_64, r-devel-windows-x86_64-gcc10-UCRT, r-patched-linux-x86_64, r-patched-solaris-x86