CRAN Package Check Results for Package autoBagging

Last updated on 2021-05-05 22:51:27 CEST.

Flavor Version Tinstall Tcheck Ttotal Status Flags
r-devel-linux-x86_64-debian-clang 0.1.0 15.02 103.77 118.79 OK
r-devel-linux-x86_64-debian-gcc 0.1.0 10.20 75.88 86.08 OK
r-devel-linux-x86_64-fedora-clang 0.1.0 151.17 NOTE
r-devel-linux-x86_64-fedora-gcc 0.1.0 138.66 NOTE
r-devel-windows-ix86+x86_64 0.1.0 33.00 126.00 159.00 OK
r-devel-windows-x86_64-gcc10-UCRT 0.1.0 NOTE
r-patched-linux-x86_64 0.1.0 13.80 97.53 111.33 OK
r-patched-solaris-x86 0.1.0 201.30 NOTE
r-release-linux-x86_64 0.1.0 13.44 94.07 107.51 OK
r-release-macos-x86_64 0.1.0 NOTE
r-release-windows-ix86+x86_64 0.1.0 20.00 89.00 109.00 OK
r-oldrel-macos-x86_64 0.1.0 NOTE
r-oldrel-windows-ix86+x86_64 0.1.0 23.00 113.00 136.00 OK

Check Details

Version: 0.1.0
Check: dependencies in R code
Result: NOTE
    Namespace in Imports field not imported from: ‘abind’
     All declared Imports should be used.
Flavors: r-devel-linux-x86_64-fedora-clang, r-devel-linux-x86_64-fedora-gcc, r-devel-windows-x86_64-gcc10-UCRT, r-patched-solaris-x86, r-release-macos-x86_64, r-oldrel-macos-x86_64