CRAN Package Check Results for Package autoFRK

Last updated on 2021-08-04 22:55:03 CEST.

Flavor Version Tinstall Tcheck Ttotal Status Flags
r-devel-linux-x86_64-debian-clang 1.4.3 67.12 128.58 195.70 OK
r-devel-linux-x86_64-debian-gcc 1.4.3 47.46 95.61 143.07 OK
r-devel-linux-x86_64-fedora-clang 1.4.3 274.24 NOTE
r-devel-linux-x86_64-fedora-gcc 1.4.3 239.01 OK
r-devel-windows-x86_64 1.4.3 72.00 156.00 228.00 OK
r-devel-windows-x86_64-gcc10-UCRT 1.4.3 OK
r-patched-linux-x86_64 1.4.3 59.51 120.26 179.77 OK
r-patched-solaris-x86 1.4.3 276.80 OK
r-release-linux-x86_64 1.4.3 61.23 120.26 181.49 OK
r-release-macos-arm64 1.4.3 NOTE
r-release-macos-x86_64 1.4.3 NOTE
r-release-windows-ix86+x86_64 1.4.3 141.00 159.00 300.00 OK
r-oldrel-macos-x86_64 1.4.3 NOTE
r-oldrel-windows-ix86+x86_64 1.4.3 128.00 204.00 332.00 OK

Check Details

Version: 1.4.3
Check: installed package size
Result: NOTE
     installed size is 16.1Mb
     sub-directories of 1Mb or more:
     libs 15.9Mb
Flavors: r-devel-linux-x86_64-fedora-clang, r-release-macos-arm64, r-release-macos-x86_64, r-oldrel-macos-x86_64