CRAN Package Check Results for Package autohd

Last updated on 2021-08-01 22:49:34 CEST.

Flavor Version Tinstall Tcheck Ttotal Status Flags
r-devel-linux-x86_64-debian-clang 0.1.0 15.92 125.72 141.64 OK
r-devel-linux-x86_64-debian-gcc 0.1.0 11.90 93.93 105.83 OK
r-devel-linux-x86_64-fedora-clang 0.1.0 197.60 NOTE
r-devel-linux-x86_64-fedora-gcc 0.1.0 161.60 NOTE
r-devel-windows-x86_64 0.1.0 31.00 146.00 177.00 OK
r-devel-windows-x86_64-gcc10-UCRT 0.1.0 NOTE
r-patched-linux-x86_64 0.1.0 OK
r-patched-solaris-x86 0.1.0 240.00 NOTE
r-release-linux-x86_64 0.1.0 14.38 118.73 133.11 OK
r-release-macos-arm64 0.1.0 ERROR
r-release-macos-x86_64 0.1.0 NOTE
r-release-windows-ix86+x86_64 0.1.0 32.00 110.00 142.00 OK
r-oldrel-macos-x86_64 0.1.0 NOTE
r-oldrel-windows-ix86+x86_64 0.1.0 34.00 142.00 176.00 OK

Check Details

Version: 0.1.0
Check: dependencies in R code
Result: NOTE
    Namespaces in Imports field not imported from:
     ‘Hmisc’ ‘broom’ ‘tibble’ ‘usethis’
     All declared Imports should be used.
Flavors: r-devel-linux-x86_64-fedora-clang, r-devel-linux-x86_64-fedora-gcc, r-devel-windows-x86_64-gcc10-UCRT, r-patched-solaris-x86, r-release-macos-x86_64, r-oldrel-macos-x86_64

Version: 0.1.0
Check: package dependencies
Result: ERROR
    Package required but not available: ‘rjags’
    
    See section ‘The DESCRIPTION file’ in the ‘Writing R Extensions’
    manual.
Flavor: r-release-macos-arm64