CRAN Package Check Results for Package automultinomial

Last updated on 2019-07-17 22:54:24 CEST.

Flavor Version Tinstall Tcheck Ttotal Status Flags
r-devel-linux-x86_64-debian-clang 2.0.0 2.53 50.01 52.54 OK
r-devel-linux-x86_64-debian-gcc 2.0.0 2.08 39.53 41.61 OK
r-devel-linux-x86_64-fedora-clang 2.0.0 66.03 NOTE
r-devel-linux-x86_64-fedora-gcc 2.0.0 59.84 NOTE
r-devel-windows-ix86+x86_64 2.0.0 6.00 85.00 91.00 OK
r-patched-linux-x86_64 2.0.0 2.57 50.92 53.49 OK
r-patched-solaris-x86 2.0.0 93.30 NOTE
r-release-linux-x86_64 2.0.0 2.64 50.66 53.30 OK
r-release-windows-ix86+x86_64 2.0.0 5.00 89.00 94.00 OK
r-release-osx-x86_64 2.0.0 NOTE
r-oldrel-windows-ix86+x86_64 2.0.0 3.00 83.00 86.00 OK
r-oldrel-osx-x86_64 2.0.0 NOTE

Check Details

Version: 2.0.0
Check: dependencies in R code
Result: NOTE
    Namespace in Imports field not imported from: ‘igraph’
     All declared Imports should be used.
Flavors: r-devel-linux-x86_64-fedora-clang, r-devel-linux-x86_64-fedora-gcc, r-patched-solaris-x86, r-release-osx-x86_64, r-oldrel-osx-x86_64