CRAN Package Check Results for Package automultinomial

Last updated on 2019-10-16 22:55:52 CEST.

Flavor Version Tinstall Tcheck Ttotal Status Flags
r-devel-linux-x86_64-debian-clang 2.0.0 2.91 54.05 56.96 OK
r-devel-linux-x86_64-debian-gcc 2.0.0 2.16 39.16 41.32 OK
r-devel-linux-x86_64-fedora-clang 2.0.0 66.56 NOTE
r-devel-linux-x86_64-fedora-gcc 2.0.0 62.10 NOTE
r-devel-windows-ix86+x86_64 2.0.0 8.00 89.00 97.00 OK
r-patched-linux-x86_64 2.0.0 1.99 49.10 51.09 OK
r-patched-solaris-x86 2.0.0 89.90 NOTE
r-release-linux-x86_64 2.0.0 2.38 50.42 52.80 OK
r-release-windows-ix86+x86_64 2.0.0 4.00 91.00 95.00 OK
r-release-osx-x86_64 2.0.0 NOTE
r-oldrel-windows-ix86+x86_64 2.0.0 3.00 61.00 64.00 OK
r-oldrel-osx-x86_64 2.0.0 NOTE

Check Details

Version: 2.0.0
Check: dependencies in R code
Result: NOTE
    Namespace in Imports field not imported from: ‘igraph’
     All declared Imports should be used.
Flavors: r-devel-linux-x86_64-fedora-clang, r-devel-linux-x86_64-fedora-gcc, r-patched-solaris-x86, r-release-osx-x86_64, r-oldrel-osx-x86_64