Last updated on 2023-01-30 22:57:03 CET.
Flavor | Version | Tinstall | Tcheck | Ttotal | Status | Flags |
---|---|---|---|---|---|---|
r-devel-linux-x86_64-debian-clang | 0.4.0 | 4.95 | 125.68 | 130.63 | OK | |
r-devel-linux-x86_64-debian-gcc | 0.4.0 | 3.32 | 85.12 | 88.44 | OK | |
r-devel-linux-x86_64-fedora-clang | 0.4.0 | 148.02 | NOTE | |||
r-devel-linux-x86_64-fedora-gcc | 0.4.0 | 149.40 | OK | |||
r-devel-windows-x86_64 | 0.4.0 | 89.00 | 163.00 | 252.00 | OK | |
r-patched-linux-x86_64 | 0.4.0 | 3.87 | 106.14 | 110.01 | OK | |
r-release-linux-x86_64 | 0.4.0 | 4.71 | 99.68 | 104.39 | OK | |
r-release-macos-arm64 | 0.4.0 | 48.00 | OK | |||
r-release-macos-x86_64 | 0.4.0 | 55.00 | OK | |||
r-release-windows-x86_64 | 0.4.0 | 113.00 | 161.00 | 274.00 | OK | |
r-oldrel-macos-arm64 | 0.4.0 | 52.00 | OK | |||
r-oldrel-macos-x86_64 | 0.4.0 | 61.00 | OK | |||
r-oldrel-windows-ix86+x86_64 | 0.4.0 | 14.00 | 142.00 | 156.00 | OK |
Version: 0.4.0
Check: package dependencies
Result: NOTE
Imports includes 31 non-default packages.
Importing from so many packages makes the package vulnerable to any of
them becoming unavailable. Move as many as possible to Suggests and
use conditionally.
Flavor: r-devel-linux-x86_64-fedora-clang