CRAN Package Check Results for Package av

Last updated on 2024-06-13 22:49:19 CEST.

Flavor Version Tinstall Tcheck Ttotal Status Flags
r-devel-linux-x86_64-debian-clang 0.9.0 6.64 74.15 80.79 OK
r-devel-linux-x86_64-debian-gcc 0.9.0 4.71 22.43 27.14 ERROR
r-devel-linux-x86_64-fedora-clang 0.9.0 105.41 OK
r-devel-linux-x86_64-fedora-gcc 0.9.0 100.36 OK
r-devel-windows-x86_64 0.9.0 18.00 198.00 216.00 NOTE
r-patched-linux-x86_64 0.9.0 5.17 70.40 75.57 OK
r-release-linux-x86_64 0.9.0 5.46 71.47 76.93 OK
r-release-macos-arm64 0.9.0 39.00 NOTE
r-release-macos-x86_64 0.9.0 50.00 NOTE
r-release-windows-x86_64 0.9.0 20.00 203.00 223.00 NOTE
r-oldrel-macos-arm64 0.9.0 58.00 NOTE
r-oldrel-macos-x86_64 0.9.0 107.00 NOTE
r-oldrel-windows-x86_64 0.9.0 21.00 272.00 293.00 NOTE

Check Details

Version: 0.9.0
Check: package dependencies
Result: NOTE Packages suggested but not available for checking: 'testthat', 'ggplot2', 'gapminder' Flavor: r-devel-linux-x86_64-debian-gcc

Version: 0.9.0
Check: tests
Result: ERROR Running ‘testthat.R’ [0s/0s] Running the tests in ‘tests/testthat.R’ failed. Complete output: > library(testthat) Error in library(testthat) : there is no package called 'testthat' Execution halted Flavor: r-devel-linux-x86_64-debian-gcc

Version: 0.9.0
Check: installed package size
Result: NOTE installed size is 30.3Mb sub-directories of 1Mb or more: libs 29.5Mb Flavors: r-devel-windows-x86_64, r-release-macos-arm64, r-release-macos-x86_64, r-release-windows-x86_64, r-oldrel-macos-arm64, r-oldrel-macos-x86_64, r-oldrel-windows-x86_64