CRAN Package Check Results for Package av

Last updated on 2021-06-22 22:56:28 CEST.

Flavor Version Tinstall Tcheck Ttotal Status Flags
r-devel-linux-x86_64-debian-clang 0.6.0 5.53 69.92 75.45 OK
r-devel-linux-x86_64-debian-gcc 0.6.0 3.89 53.73 57.62 OK
r-devel-linux-x86_64-fedora-clang 0.6.0 100.96 OK
r-devel-linux-x86_64-fedora-gcc 0.6.0 86.43 OK
r-devel-windows-x86_64 0.6.0 26.00 162.00 188.00 NOTE
r-devel-windows-x86_64-gcc10-UCRT 0.6.0 OK
r-patched-linux-x86_64 0.6.0 4.79 69.07 73.86 OK
r-release-linux-x86_64 0.6.0 4.80 68.82 73.62 OK
r-release-macos-arm64 0.6.0 NOTE
r-release-macos-x86_64 0.6.0 NOTE
r-release-windows-ix86+x86_64 0.6.0 42.00 264.00 306.00 NOTE
r-oldrel-macos-x86_64 0.6.0 NOTE

Check Details

Version: 0.6.0
Check: installed package size
Result: NOTE
     installed size is 28.9Mb
     sub-directories of 1Mb or more:
     libs 28.1Mb
Flavors: r-devel-windows-x86_64, r-release-macos-arm64, r-release-macos-x86_64, r-release-windows-ix86+x86_64, r-oldrel-macos-x86_64