CRAN Package Check Results for Package available

Last updated on 2021-08-02 22:54:19 CEST.

Flavor Version Tinstall Tcheck Ttotal Status Flags
r-devel-linux-x86_64-debian-clang 1.0.4 2.84 39.31 42.15 NOTE
r-devel-linux-x86_64-debian-gcc 1.0.4 2.57 31.03 33.60 NOTE
r-devel-linux-x86_64-fedora-clang 1.0.4 68.65 NOTE
r-devel-linux-x86_64-fedora-gcc 1.0.4 50.19 NOTE
r-devel-windows-x86_64 1.0.4 4.00 56.00 60.00 NOTE
r-devel-windows-x86_64-gcc10-UCRT 1.0.4 NOTE
r-patched-linux-x86_64 1.0.4 NOTE
r-patched-solaris-x86 1.0.4 77.70 NOTE
r-release-linux-x86_64 1.0.4 2.91 38.51 41.42 NOTE
r-release-macos-arm64 1.0.4 NOTE
r-release-macos-x86_64 1.0.4 NOTE
r-release-windows-ix86+x86_64 1.0.4 13.00 42.00 55.00 NOTE
r-oldrel-macos-x86_64 1.0.4 NOTE
r-oldrel-windows-ix86+x86_64 1.0.4 5.00 57.00 62.00 NOTE

Check Details

Version: 1.0.4
Check: package dependencies
Result: NOTE
    Package suggested but not available for checking: 'BiocInstaller'
Flavors: r-devel-linux-x86_64-debian-clang, r-devel-linux-x86_64-debian-gcc, r-devel-linux-x86_64-fedora-clang, r-devel-linux-x86_64-fedora-gcc, r-devel-windows-x86_64, r-devel-windows-x86_64-gcc10-UCRT, r-patched-linux-x86_64, r-patched-solaris-x86, r-release-linux-x86_64, r-release-macos-arm64, r-release-macos-x86_64, r-release-windows-ix86+x86_64, r-oldrel-macos-x86_64, r-oldrel-windows-ix86+x86_64

Version: 1.0.4
Check: LazyData
Result: NOTE
     'LazyData' is specified without a 'data' directory
Flavors: r-devel-linux-x86_64-debian-clang, r-devel-linux-x86_64-debian-gcc, r-devel-linux-x86_64-fedora-clang, r-devel-linux-x86_64-fedora-gcc, r-devel-windows-x86_64, r-devel-windows-x86_64-gcc10-UCRT, r-patched-linux-x86_64, r-patched-solaris-x86, r-release-linux-x86_64, r-release-macos-arm64, r-release-macos-x86_64, r-release-windows-ix86+x86_64