CRAN Package Check Results for Package aweSOM

Last updated on 2021-10-21 22:50:27 CEST.

Flavor Version Tinstall Tcheck Ttotal Status Flags
r-devel-linux-x86_64-debian-clang 1.2 5.37 53.23 58.60 OK
r-devel-linux-x86_64-debian-gcc 1.2 4.23 40.47 44.70 OK
r-devel-linux-x86_64-fedora-clang 1.2 79.47 NOTE
r-devel-linux-x86_64-fedora-gcc 1.2 68.41 NOTE
r-devel-windows-x86_64 1.2 9.00 79.00 88.00 OK
r-devel-windows-x86_64-gcc10-UCRT 1.2 NOTE
r-patched-linux-x86_64 1.2 5.31 50.18 55.49 OK
r-patched-solaris-x86 1.2 96.80 NOTE
r-release-linux-x86_64 1.2 4.97 50.67 55.64 OK
r-release-macos-arm64 1.2 NOTE
r-release-macos-x86_64 1.2 WARN
r-release-windows-ix86+x86_64 1.2 20.00 73.00 93.00 OK
r-oldrel-macos-x86_64 1.2 WARN
r-oldrel-windows-ix86+x86_64 1.2 14.00 78.00 92.00 OK

Check Details

Version: 1.2
Check: dependencies in R code
Result: NOTE
    Namespaces in Imports field not imported from:
     ‘DT’ ‘bslib’ ‘rclipboard’ ‘rmarkdown’
     All declared Imports should be used.
Flavors: r-devel-linux-x86_64-fedora-clang, r-devel-linux-x86_64-fedora-gcc, r-devel-windows-x86_64-gcc10-UCRT, r-patched-solaris-x86, r-release-macos-arm64, r-release-macos-x86_64, r-oldrel-macos-x86_64

Version: 1.2
Check: re-building of vignette outputs
Result: WARN
    Error(s) in re-building vignettes:
     ...
    --- re-building ‘aweSOM.Rmd’ using rmarkdown
    Warning in engine$weave(file, quiet = quiet, encoding = enc) :
     Pandoc (>= 1.12.3) not available. Falling back to R Markdown v1.
    Quitting from lines 97-101 (aweSOM.Rmd)
    Error: processing vignette 'aweSOM.Rmd' failed with diagnostics:
    invalid 'path' argument
    --- failed re-building ‘aweSOM.Rmd’
    
    SUMMARY: processing the following file failed:
     ‘aweSOM.Rmd’
    
    Error: Vignette re-building failed.
    Execution halted
Flavor: r-release-macos-x86_64

Version: 1.2
Check: re-building of vignette outputs
Result: WARN
    Error(s) in re-building vignettes:
     ...
    --- re-building ‘aweSOM.Rmd’ using rmarkdown
    Warning in engine$weave(file, quiet = quiet, encoding = enc) :
     Pandoc (>= 1.12.3) and/or pandoc-citeproc not available. Falling back to R Markdown v1.
    Quitting from lines 97-101 (aweSOM.Rmd)
    Error: processing vignette 'aweSOM.Rmd' failed with diagnostics:
    invalid 'path' argument
    --- failed re-building ‘aweSOM.Rmd’
    
    SUMMARY: processing the following file failed:
     ‘aweSOM.Rmd’
    
    Error: Vignette re-building failed.
    Execution halted
Flavor: r-oldrel-macos-x86_64