Last updated on 2024-04-25 22:49:00 CEST.
Flavor | Version | Tinstall | Tcheck | Ttotal | Status | Flags |
---|---|---|---|---|---|---|
r-devel-linux-x86_64-debian-clang | 0.1.8 | 5.51 | 49.67 | 55.18 | NOTE | |
r-devel-linux-x86_64-debian-gcc | 0.1.8 | 4.30 | 37.25 | 41.55 | NOTE | |
r-devel-linux-x86_64-fedora-clang | 0.1.8 | 69.24 | NOTE | |||
r-devel-linux-x86_64-fedora-gcc | 0.1.8 | 78.37 | NOTE | |||
r-devel-windows-x86_64 | 0.1.8 | 8.00 | 77.00 | 85.00 | NOTE | |
r-patched-linux-x86_64 | 0.1.8 | 5.99 | 46.74 | 52.73 | NOTE | |
r-release-linux-x86_64 | 0.1.8 | 5.40 | 45.98 | 51.38 | NOTE | |
r-release-macos-arm64 | 0.1.8 | 31.00 | NOTE | |||
r-release-windows-x86_64 | 0.1.8 | 8.00 | 74.00 | 82.00 | NOTE | |
r-oldrel-macos-arm64 | 0.1.8 | 30.00 | NOTE | |||
r-oldrel-macos-x86_64 | 0.1.8 | 48.00 | NOTE | |||
r-oldrel-windows-x86_64 | 0.1.8 | 9.00 | 87.00 | 96.00 | NOTE |
Version: 0.1.8
Check: LazyData
Result: NOTE
'LazyData' is specified without a 'data' directory
Flavors: r-devel-linux-x86_64-debian-clang, r-devel-linux-x86_64-debian-gcc, r-devel-linux-x86_64-fedora-clang, r-devel-linux-x86_64-fedora-gcc, r-devel-windows-x86_64, r-patched-linux-x86_64, r-release-linux-x86_64, r-release-macos-arm64, r-release-windows-x86_64, r-oldrel-macos-arm64, r-oldrel-macos-x86_64, r-oldrel-windows-x86_64