CRAN Package Check Results for Package aws.lambda

Last updated on 2021-12-01 22:53:04 CET.

Flavor Version Tinstall Tcheck Ttotal Status Flags
r-devel-linux-x86_64-debian-clang 0.2.0 2.58 25.74 28.32 NOTE
r-devel-linux-x86_64-debian-gcc 0.2.0 2.12 20.77 22.89 NOTE
r-devel-linux-x86_64-fedora-clang 0.2.0 48.21 NOTE
r-devel-linux-x86_64-fedora-gcc 0.2.0 34.33 NOTE
r-devel-windows-x86_64-new-UL 0.2.0 9.00 78.00 87.00 NOTE
r-devel-windows-x86_64-new-TK 0.2.0 NOTE
r-devel-windows-x86_64-old 0.2.0 7.00 51.00 58.00 NOTE
r-patched-linux-x86_64 0.2.0 2.46 25.27 27.73 NOTE
r-patched-solaris-x86 0.2.0 54.50 NOTE
r-release-linux-x86_64 0.2.0 2.35 24.94 27.29 NOTE
r-release-macos-arm64 0.2.0 NOTE
r-release-macos-x86_64 0.2.0 NOTE
r-release-windows-ix86+x86_64 0.2.0 11.00 59.00 70.00 NOTE
r-oldrel-macos-x86_64 0.2.0 OK
r-oldrel-windows-ix86+x86_64 0.2.0 10.00 57.00 67.00 OK

Check Details

Version: 0.2.0
Check: LazyData
Result: NOTE
     'LazyData' is specified without a 'data' directory
Flavors: r-devel-linux-x86_64-debian-clang, r-devel-linux-x86_64-debian-gcc, r-devel-linux-x86_64-fedora-clang, r-devel-linux-x86_64-fedora-gcc, r-devel-windows-x86_64-new-UL, r-devel-windows-x86_64-new-TK, r-devel-windows-x86_64-old, r-patched-linux-x86_64, r-patched-solaris-x86, r-release-linux-x86_64, r-release-macos-arm64, r-release-macos-x86_64, r-release-windows-ix86+x86_64