CRAN Package Check Results for Package baRcodeR

Last updated on 2020-02-22 22:47:40 CET.

Flavor Version Tinstall Tcheck Ttotal Status Flags
r-devel-linux-x86_64-debian-clang 0.1.4 3.75 35.99 39.74 ERROR
r-devel-linux-x86_64-debian-gcc 0.1.4 2.79 28.07 30.86 OK
r-devel-linux-x86_64-fedora-clang 0.1.4 49.09 OK
r-devel-linux-x86_64-fedora-gcc 0.1.4 47.54 OK
r-devel-windows-ix86+x86_64 0.1.4 9.00 54.00 63.00 OK
r-devel-windows-ix86+x86_64-gcc8 0.1.4 16.00 73.00 89.00 OK
r-patched-linux-x86_64 0.1.4 OK
r-patched-solaris-x86 0.1.4 69.90 OK
r-release-linux-x86_64 0.1.4 2.88 32.92 35.80 OK
r-release-windows-ix86+x86_64 0.1.4 7.00 52.00 59.00 OK
r-release-osx-x86_64 0.1.4 OK
r-oldrel-windows-ix86+x86_64 0.1.4 4.00 47.00 51.00 OK
r-oldrel-osx-x86_64 0.1.4 OK

Check Details

Version: 0.1.4
Check: tests
Result: ERROR
     Running 'testthat.R' [4s/5s]
    Running the tests in 'tests/testthat.R' failed.
    Complete output:
     > library(testthat)
     > library(baRcodeR)
     Loading required package: qrcode
     >
     > test_check("baRcodeR")
     Testing ... : Invalid input. Please enter a numberTesting ... : Invalid input. Please enter a numberTesting ... : Testing ...: Testing ...: Testing ...: Testing ...: Menu testing ...
     1 : Yes
     2 : NoMenu testing ...
     1 : Yes
     2 : NoMenu testing ...
     1 : Yes
     2 : NoInvalid input. Integer must be between 1 and 2Menu testing ...
     1 : Yes
     2 : NoInvalid input. Integer must be between 1 and 2Menu testing ...
     1 : Yes
     2 : NoInvalid input. Integer must be between 1 and 2Please enter string for level: Please enter the starting number for level (integer): Enter the ending number for level: Number of digits to print for level: Please enter string for level: Please enter the starting number for level (integer): Enter the ending number for level: Number of digits to print for level: Please enter string for level: Please enter the starting number for level (integer): Invalid input. Please enter a numberPlease enter the starting number for level (integer): Invalid input. Please enter a numberPlease enter the starting number for level (integer): What is the number of levels in hierarchy: String at end of label?
     1 : Yes
     2 : NoNumber of digits to print: Please enter string for level 1: Enter the starting number for level 1: Enter the ending number for level 1: Please enter string for level 2: Enter the starting number for level 2: Enter the ending number for level 2: Please enter name for PDF output file: Please enter a font size: Select an error correction level.
     1 : L (up to 7% damage)
     2 : M (up to 15% damage)
     3 : Q (up to 25% damage)
     4 : H (up to 30% damage)Edit advanced parameters?
     1 : Yes
     2 : NoType of Barcode:
     1 : Matrix QR Code
     2 : LinearPrint labels across?
     1 : Yes
     2 : NoTruncate longer labels into multiple lines if necessary?
     1 : Yes
     2 : NoNumber of rows to skip? (enter 0 for default): Number of cols to skip? (enter 0 for default): Number of rows per page: Number of col per page: Please enter the height margin of page (in inches): Please enter the width margin of page (in inches): Please enter the width of the label (in inches): Please enter the height of the label (in inches): Change distances between QR code and text label?
     1: Yes
     2: No-- 1. Failure: labels are generated properly (@test-label_generation.R#10) ----
     uniqID_maker(string = "example", level = 1:2, ending_string = "end") not identical to data.frame(...).
     Component "end_string": 'current' is not a factor
    
     == testthat results ===========================================================
     [ OK: 47 | SKIPPED: 1 | WARNINGS: 0 | FAILED: 1 ]
     1. Failure: labels are generated properly (@test-label_generation.R#10)
    
     Error: testthat unit tests failed
     Execution halted
Flavor: r-devel-linux-x86_64-debian-clang